(1314,'https://bradfordfurniture.co.uk/product/bradford-dina-bed/','58:cd49f8f9735c5169b58fff5bcb9ff7d5',412,'term','product_tag',NULL,NULL,'%%term_title%% %%page%% %%sep%% %%sitename%%','Bradford Furniture shop in bradford - UK. We specialise in all sorts of furniture , Bedroom Furniture , Sofa & Pakistani & Turkish Bed Settees in Bradford','Bradford Dina Bed',NULL,NULL,0,NULL,NULL,'https://bradfordfurniture.co.uk/product/bradford-dina-bed/','Bradford Dina Bed',46,0,0,NULL,NULL,NULL,NULL,NULL,NULL,NULL,NULL,NULL,NULL,NULL,NULL,NULL,NULL,NULL,NULL,0,NULL,NULL,'2022-12-18 13:48:02','2023-04-16 16:41:33',1,NULL,NULL,NULL,NULL,0,NULL,2,'2023-04-16 10:41:33','2021-02-01 03:40:55',NULL);

--
-- Table structure for table `bf_yoast_indexable_hierarchy`
--

CREATE TABLE `bf_yoast_indexable_hierarchy` (
  `indexable_id` int(11) unsigned NOT NULL DEFAULT '0',
  `ancestor_id` int(11) unsigned NOT NULL DEFAULT '0',
  `depth` int(11) unsigned DEFAULT NULL,
  `blog_id` bigint(20) NOT NULL DEFAULT '1',
  PRIMARY KEY (`indexable_id`,`ancestor_id`),
  KEY `indexable_id` (`indexable_id`),
  KEY `ancestor_id` (`ancestor_id`),
  KEY `depth` (`depth`)
) ENGINE=InnoDB DEFAULT CHARSET=utf8mb4 COLLATE=utf8mb4_unicode_520_ci;

--
-- Dumping data for table `bf_yoast_indexable_hierarchy`
--

INSERT INTO `bf_yoast_indexable_hierarchy` VALUES (2,0,0,1),(4,0,0,1),(5,0,0,1),(6,0,0,1),(7,0,0,1),(8,0,0,1),(9,10,1,1),(10,0,0,1),(11,0,0,1),(12,0,0,1),(13,0,0,1),(14,0,0,1),(15,0,0,1),(16,0,0,1),(17,0,0,1),(18,0,0,1),(19,0,0,1),(20,0,0,1),(21,0,0,1),(22,23,1,1),(23,0,0,1),(24,25,1,1),(25,0,0,1),(26,25,1,1),(27,0,0,1),(28,0,0,1),(29,0,0,1),(30,0,0,1),(31,0,0,1),(32,0,0,1),(33,16,1,1),(34,10,1,1),(35,0,0,1),(36,0,0,1),(37,0,0,1),(38,0,0,1),(39,0,0,1),(40,0,0,1),(41,0,0,1),(42,0,0,1),(43,0,0,1),(44,0,0,1),(45,0,0,1),(46,0,0,1),(47,0,0,1),(48,0,0,1),(49,0,0,1),(50,0,0,1),(51,0,0,1),(52,0,0,1),(53,0,0,1),(54,0,0,1),(55,0,0,1),(56,0,0,1),(57,25,1,1),(58,0,0,1),(59,0,0,1),(60,0,0,1),(61,16,1,1),(62,23,1,1),(63,0,0,1),(64,23,1,1),(65,0,0,1),(66,0,0,1),(67,0,0,1),(68,16,1,1),(69,23,1,1),(70,23,1,1),(71,23,1,1),(72,16,1,1),(73,0,0,1),(74,16,1,1),(75,0,0,1),(76,0,0,1),(77,0,0,1),(78,0,0,1),(79,0,0,1),(80,0,0,1),(81,0,0,1),(82,0,0,1),(83,0,0,1),(84,0,0,1),(85,0,0,1),(86,0,0,1),(87,16,1,1),(88,0,0,1),(89,0,0,1),(90,0,0,1),(91,16,1,1),(92,16,1,1),(93,0,0,1),(94,0,0,1),(95,0,0,1),(96,0,0,1),(97,0,0,1),(98,0,0,1),(99,0,0,1),(100,0,0,1),(101,0,0,1),(102,0,0,1),(103,0,0,1),(104,0,0,1),(105,0,0,1),(106,0,0,1),(109,0,0,1),(110,0,0,1),(111,0,0,1),(112,0,0,1),(113,0,0,1),(124,0,0,1),(125,0,0,1),(126,0,0,1),(127,0,0,1),(128,0,0,1),(129,0,0,1),(130,0,0,1),(131,0,0,1),(132,0,0,1),(133,0,0,1),(134,0,0,1),(135,0,0,1),(136,0,0,1),(137,0,0,1),(138,0,0,1),(139,0,0,1),(140,0,0,1),(141,0,0,1),(209,0,0,1),(305,0,0,1),(306,0,0,1),(307,0,0,1),(308,0,0,1),(309,0,0,1),(310,0,0,1),(311,0,0,1),(312,0,0,1),(313,0,0,1),(314,0,0,1),(315,0,0,1),(316,0,0,1),(317,0,0,1),(318,0,0,1),(319,0,0,1),(326,0,0,1),(368,0,0,1),(369,0,0,1),(372,14,1,1),(373,14,1,1),(374,14,1,1),(375,14,1,1),(380,0,0,1),(590,0,0,1),(594,0,0,1),(595,0,0,1),(596,0,0,1),(597,0,0,1),(598,0,0,1),(599,0,0,1),(600,0,0,1),(602,0,0,1),(612,0,0,1),(613,0,0,1),(614,0,0,1),(615,0,0,1),(623,0,0,1),(624,0,0,1),(638,0,0,1),(639,0,0,1),(651,0,0,1),(652,0,0,1),(653,0,0,1),(662,0,0,1),(663,0,0,1),(674,0,0,1),(675,0,0,1),(685,0,0,1),(686,0,0,1),(694,0,0,1),(695,0,0,1),(707,0,0,1),(708,0,0,1),(709,0,0,1),(724,0,0,1),(735,0,0,1),(736,0,0,1),(737,0,0,1),(738,0,0,1),(739,0,0,1),(740,0,0,1),(741,0,0,1),(742,0,0,1),(743,0,0,1),(744,0,0,1),(745,0,0,1),(769,0,0,1),(770,0,0,1),(771,0,0,1),(772,0,0,1),(773,0,0,1),(787,0,0,1),(788,0,0,1),(789,0,0,1),(808,0,0,1),(809,0,0,1),(810,0,0,1),(812,0,0,1),(813,0,0,1),(826,0,0,1),(827,0,0,1),(828,0,0,1),(843,0,0,1),(844,0,0,1),(845,0,0,1),(853,0,0,1),(854,0,0,1),(855,0,0,1),(868,0,0,1),(885,0,0,1),(886,0,0,1),(887,0,0,1),(894,0,0,1),(895,0,0,1),(896,0,0,1),(905,0,0,1),(906,0,0,1),(908,0,0,1),(909,0,0,1),(920,0,0,1),(921,0,0,1),(922,0,0,1),(931,0,0,1),(954,0,0,1),(955,0,0,1),(956,0,0,1),(957,0,0,1),(969,0,0,1),(980,0,0,1),(981,0,0,1),(982,0,0,1),(983,0,0,1),(984,0,0,1),(997,0,0,1),(1005,0,0,1),(1006,0,0,1),(1009,0,0,1),(1018,0,0,1),(1019,0,0,1),(1020,0,0,1),(1021,0,0,1),(1030,0,0,1),(1033,0,0,1),(1034,0,0,1),(1035,0,0,1),(1036,0,0,1),(1037,0,0,1),(1038,0,0,1),(1039,0,0,1),(1040,0,0,1),(1041,0,0,1),(1044,0,0,1),(1045,0,0,1),(1046,0,0,1),(1047,0,0,1),(1048,0,0,1),(1050,0,0,1),(1051,0,0,1),(1052,0,0,1),(1053,0,0,1),(1054,0,0,1),(1056,0,0,1),(1058,0,0,1),(1061,0,0,1),(1063,0,0,1),(1064,0,0,1),(1065,0,0,1),(1066,0,0,1),(1067,0,0,1),(1068,0,0,1),(1069,0,0,1),(1070,0,0,1),(1073,0,0,1),(1081,0,0,1),(1082,0,0,1),(1083,0,0,1),(1084,0,0,1),(1085,0,0,1),(1086,0,0,1),(1087,0,0,1),(1088,0,0,1),(1089,0,0,1),(1091,0,0,1),(1092,0,0,1),(1093,0,0,1),(1094,0,0,1),(1095,0,0,1),(1096,0,0,1),(1097,0,0,1),(1098,0,0,1),(1099,0,0,1),(1100,0,0,1),(1101,0,0,1),(1102,0,0,1),(1103,0,0,1),(1105,0,0,1),(1107,0,0,1),(1109,0,0,1),(1110,0,0,1),(1111,0,0,1),(1112,0,0,1),(1114,0,0,1),(1115,0,0,1),(1116,0,0,1),(1117,0,0,1),(1118,0,0,1),(1119,0,0,1),(1120,0,0,1),(1121,0,0,1),(1122,0,0,1),(1123,0,0,1),(1124,0,0,1),(1125,0,0,1),(1126,0,0,1),(1127,0,0,1),(1129,0,0,1),(1130,0,0,1),(1133,0,0,1),(1134,0,0,1),(1135,0,0,1),(1138,0,0,1),(1139,0,0,1),(1140,0,0,1),(1141,0,0,1),(1142,0,0,1),(1143,0,0,1),(1145,0,0,1),(1146,0,0,1),(1148,0,0,1),(1149,0,0,1),(1150,0,0,1),(1152,0,0,1),(1153,0,0,1),(1154,0,0,1),(1155,0,0,1),(1156,0,0,1),(1157,0,0,1),(1160,0,0,1),(1161,0,0,1),(1162,0,0,1),(1163,0,0,1),(1164,0,0,1),(1166,0,0,1),(1167,0,0,1),(1168,0,0,1),(1169,0,0,1),(1170,0,0,1),(1172,0,0,1),(1173,0,0,1),(1174,0,0,1),(1175,0,0,1),(1176,0,0,1),(1178,0,0,1),(1179,0,0,1),(1183,0,0,1),(1184,0,0,1),(1185,0,0,1),(1186,0,0,1),(1187,0,0,1),(1189,0,0,1),(1190,0,0,1),(1191,0,0,1),(1192,0,0,1),(1193,0,0,1),(1196,0,0,1),(1198,0,0,1),(1200,0,0,1),(1202,0,0,1),(1203,0,0,1),(1205,0,0,1),(1206,0,0,1),(1208,0,0,1),(1211,0,0,1),(1218,0,0,1),(1219,0,0,1),(1226,0,0,1),(1227,0,0,1),(1231,0,0,1),(1232,0,0,1),(1234,0,0,1),(1235,0,0,1),(1237,0,0,1),(1239,0,0,1),(1244,0,0,1),(1245,0,0,1),(1246,0,0,1),(1248,0,0,1),(1254,0,0,1),(1255,0,0,1),(1256,0,0,1),(1257,0,0,1),(1258,0,0,1),(1259,0,0,1),(1265,0,0,1),(1266,0,0,1),(1270,0,0,1),(1271,0,0,1),(1272,0,0,1),(1273,0,0,1),(1274,0,0,1),(1275,0,0,1),(1276,0,0,1),(1277,0,0,1),(1278,0,0,1),(1279,0,0,1),(1280,0,0,1),(1281,0,0,1),(1282,0,0,1),(1283,0,0,1),(1284,0,0,1),(1285,0,0,1),(1286,0,0,1),(1287,0,0,1),(1288,0,0,1),(1289,0,0,1),(1290,0,0,1),(1291,0,0,1),(1292,0,0,1),(1293,0,0,1),(1294,0,0,1),(1295,0,0,1),(1296,0,0,1),(1297,0,0,1),(1298,0,0,1),(1299,0,0,1),(1300,0,0,1),(1301,0,0,1),(1302,0,0,1),(1303,0,0,1),(1304,0,0,1),(1305,0,0,1),(1306,0,0,1),(1307,0,0,1),(1308,0,0,1),(1309,0,0,1),(1310,0,0,1),(1311,0,0,1),(1312,0,0,1),(1313,0,0,1),(1314,0,0,1);

--
-- Table structure for table `bf_yoast_migrations`
--

CREATE TABLE `bf_yoast_migrations` (
  `id` int(11) unsigned NOT NULL AUTO_INCREMENT,
  `version` varchar(191) COLLATE utf8mb4_unicode_520_ci DEFAULT NULL,
  PRIMARY KEY (`id`),
  UNIQUE KEY `bf_yoast_migrations_version` (`version`)
) ENGINE=InnoDB AUTO_INCREMENT=25 DEFAULT CHARSET=utf8mb4 COLLATE=utf8mb4_unicode_520_ci;

--
-- Dumping data for table `bf_yoast_migrations`
--

INSERT INTO `bf_yoast_migrations` VALUES (1,'20171228151840'),(2,'20171228151841'),(3,'20190529075038'),(4,'20191011111109'),(5,'20200408101900'),(6,'20200420073606'),(7,'20200428123747'),(8,'20200428194858'),(9,'20200429105310'),(10,'20200430075614'),(11,'20200430150130'),(12,'20200507054848'),(13,'20200513133401'),(14,'20200609154515'),(15,'20200616130143'),(16,'20200617122511'),(17,'20200702141921'),(18,'20200728095334'),(19,'20201202144329'),(20,'20201216124002'),(21,'20201216141134'),(22,'20210817092415'),(23,'20211020091404'),(24,'20230417083836');

--
-- Table structure for table `bf_yoast_primary_term`
--

CREATE TABLE `bf_yoast_primary_term` (
  `id` int(11) unsigned NOT NULL AUTO_INCREMENT,
  `post_id` bigint(20) DEFAULT NULL,
  `term_id` bigint(20) DEFAULT NULL,
  `taxonomy` varchar(32) COLLATE utf8mb4_unicode_520_ci NOT NULL,
  `created_at` datetime DEFAULT NULL,
  `updated_at` timestamp NOT NULL DEFAULT CURRENT_TIMESTAMP ON UPDATE CURRENT_TIMESTAMP,
  `blog_id` bigint(20) NOT NULL DEFAULT '1',
  PRIMARY KEY (`id`),
  KEY `post_taxonomy` (`post_id`,`taxonomy`),
  KEY `post_term` (`post_id`,`term_id`)
) ENGINE=InnoDB AUTO_INCREMENT=64 DEFAULT CHARSET=utf8mb4 COLLATE=utf8mb4_unicode_520_ci;

--
-- Dumping data for table `bf_yoast_primary_term`
--

INSERT INTO `bf_yoast_primary_term` VALUES (1,3563,161,'product_cat','2021-04-06 02:34:57','2023-03-08 11:52:55',1),(2,3774,97,'product_cat','2021-04-09 05:30:57','2022-03-11 16:56:53',1),(3,3779,97,'product_cat','2021-04-09 05:42:42','2023-04-21 00:10:40',1),(4,3782,161,'product_cat','2021-04-11 04:16:51','2023-03-08 11:52:34',1),(5,3793,161,'product_cat','2021-04-11 04:35:46','2023-03-08 11:51:52',1),(6,3802,161,'product_cat','2021-04-11 10:21:34','2022-12-01 00:39:52',1),(7,3817,161,'product_cat','2021-04-11 13:16:49','2023-03-08 11:51:33',1),(8,3830,161,'product_cat','2021-04-11 14:20:57','2022-12-01 00:39:00',1),(9,3839,161,'product_cat','2021-04-11 14:43:01','2023-03-08 11:50:52',1),(10,3850,161,'product_cat','2021-04-11 14:58:34','2022-12-01 00:38:24',1),(11,3861,161,'product_cat','2021-04-12 02:58:39','2023-03-08 11:49:23',1),(12,3869,161,'product_cat','2021-04-12 04:26:39','2022-06-20 19:32:03',1),(13,3882,161,'product_cat','2021-04-12 04:48:55','2022-12-17 11:10:03',1),(14,3898,161,'product_cat','2021-04-12 06:15:50','2023-03-08 11:48:48',1),(15,3910,161,'product_cat','2021-04-13 10:01:08','2022-12-01 00:24:39',1),(17,3936,161,'product_cat','2021-04-13 12:57:32','2022-12-01 00:36:25',1),(18,3951,161,'product_cat','2021-04-13 13:23:32','2022-06-20 18:18:49',1),(21,3986,161,'product_cat','2021-04-14 07:20:28','2023-03-08 11:48:19',1),(22,4002,161,'product_cat','2021-04-15 05:25:57','2022-12-01 00:35:16',1),(23,4010,161,'product_cat','2021-04-15 05:56:45','2022-11-11 00:42:52',1),(24,4024,161,'product_cat','2021-04-15 06:13:22','2023-04-15 13:18:52',1),(25,4042,161,'product_cat','2021-04-15 07:36:12','2022-12-01 00:34:48',1),(26,4050,161,'product_cat','2021-04-15 07:46:49','2022-12-01 00:34:23',1),(27,4060,161,'product_cat','2021-04-15 07:58:16','2023-03-08 11:47:17',1),(28,4073,161,'product_cat','2021-04-15 10:35:37','2023-03-08 11:46:39',1),(29,4083,163,'product_cat','2021-04-15 10:59:04','2023-03-08 11:55:15',1),(30,4106,164,'product_cat','2021-04-15 11:21:02','2021-11-18 13:44:38',1),(31,4119,164,'product_cat','2021-04-15 11:42:32','2021-11-18 08:53:54',1),(32,4131,164,'product_cat','2021-04-15 11:56:41','2021-11-17 08:32:05',1),(33,4145,164,'product_cat','2021-04-15 15:06:52','2021-11-17 07:18:27',1),(34,4157,120,'product_cat','2021-05-03 06:03:54','2022-12-04 11:57:24',1),(35,4174,53,'product_cat','2021-06-15 05:17:30','2022-03-11 16:26:14',1),(36,4178,53,'product_cat','2021-06-16 07:33:30','2022-03-11 16:23:20',1),(37,4183,56,'product_cat','2021-06-24 04:25:19','2022-12-03 18:09:20',1),(38,4186,56,'product_cat','2021-06-24 06:42:24','2022-12-12 10:51:55',1),(39,4188,56,'product_cat','2021-06-24 06:50:25','2022-12-03 18:08:06',1),(40,4191,56,'product_cat','2021-06-24 07:17:23','2022-12-03 18:07:38',1),(41,3326,106,'product_cat','2022-02-09 06:06:04','2022-02-24 18:27:53',1),(42,3310,112,'product_cat','2022-02-13 05:47:17','2023-03-08 12:05:24',1),(43,1385,106,'product_cat','2022-02-13 06:17:55','2022-02-24 22:40:40',1),(44,2248,107,'product_cat','2022-03-17 03:30:02','2023-03-08 12:06:36',1),(45,4256,56,'product_cat','2022-03-18 14:36:26','2022-12-03 18:07:14',1),(46,4258,120,'product_cat','2022-03-18 14:49:21','2022-12-04 11:57:05',1),(47,4280,56,'product_cat','2022-03-24 11:16:17','2023-08-30 23:44:02',1),(48,4284,56,'product_cat','2022-03-24 16:31:34','2022-12-03 18:05:58',1),(49,4287,56,'product_cat','2022-03-24 16:39:26','2022-12-03 18:06:16',1),(50,4290,120,'product_cat','2022-04-01 12:36:42','2022-12-04 11:56:32',1),(51,4293,120,'product_cat','2022-04-01 13:21:12','2022-12-04 11:56:20',1),(52,4296,120,'product_cat','2022-04-01 14:39:23','2022-12-04 11:56:01',1),(53,4301,118,'product_cat','2022-04-02 07:11:05','2022-04-08 13:33:08',1),(54,4308,118,'product_cat','2022-04-02 07:25:11','2022-04-02 13:41:53',1),(55,4316,120,'product_cat','2022-04-02 07:55:34','2022-12-04 11:55:48',1),(57,4320,120,'product_cat','2022-04-03 14:48:26','2022-12-04 11:55:13',1),(58,4323,120,'product_cat','2022-04-03 14:51:09','2022-12-04 11:51:41',1),(59,4328,119,'product_cat','2022-04-08 17:24:51','2022-04-08 23:37:38',1),(60,4334,119,'product_cat','2022-04-08 17:46:00','2023-04-15 13:27:01',1),(61,4337,119,'product_cat','2022-04-08 18:15:44','2023-04-15 13:25:56',1),(62,2342,108,'product_cat','2022-04-13 15:03:35','2022-04-13 21:09:21',1),(63,4344,108,'product_cat','2022-04-13 15:10:30','2023-04-15 13:23:41',1);

--
-- Table structure for table `bf_yoast_seo_links`
--

CREATE TABLE `bf_yoast_seo_links` (
  `id` bigint(20) unsigned NOT NULL AUTO_INCREMENT,
  `url` varchar(255) DEFAULT NULL,
  `post_id` bigint(20) unsigned DEFAULT NULL,
  `target_post_id` bigint(20) unsigned DEFAULT NULL,
  `type` varchar(8) DEFAULT NULL,
  `indexable_id` int(11) unsigned DEFAULT NULL,
  `target_indexable_id` int(11) unsigned DEFAULT NULL,
  `height` int(11) unsigned DEFAULT NULL,
  `width` int(11) unsigned DEFAULT NULL,
  `size` int(11) unsigned DEFAULT NULL,
  `language` varchar(32) DEFAULT NULL,
  `region` varchar(32) DEFAULT NULL,
  PRIMARY KEY (`id`),
  KEY `link_direction` (`post_id`,`type`),
  KEY `indexable_link_direction` (`indexable_id`,`type`)
) ENGINE=InnoDB AUTO_INCREMENT=8023 DEFAULT CHARSET=utf8;

--
-- Dumping data for table `bf_yoast_seo_links`
--

INSERT INTO `bf_yoast_seo_links` VALUES (173,'https://bradfordfurniture.co.uk/about-us/',203,55,'internal',84,42,NULL,NULL,NULL,NULL,NULL),(174,'https://bradfordfurniture.co.uk/blog/',203,144,'internal',84,39,NULL,NULL,NULL,NULL,NULL),(175,'https://bradfordfurniture.co.uk/cart/',203,9,'internal',84,43,NULL,NULL,NULL,NULL,NULL),(176,'https://bradfordfurniture.co.uk/checkout/',203,10,'internal',84,79,NULL,NULL,NULL,NULL,NULL),(177,'https://bradfordfurniture.co.uk/contact-us/',203,73,'internal',84,11,NULL,NULL,NULL,NULL,NULL),(178,'https://bradfordfurniture.co.uk/custom-product-layout/',203,2006,'internal',84,80,NULL,NULL,NULL,NULL,NULL),(179,'https://bradfordfurniture.co.uk/header-types/',203,1515,'internal',84,81,NULL,NULL,NULL,NULL,NULL),(180,'https://bradfordfurniture.co.uk/',203,NULL,'internal',84,3,NULL,NULL,NULL,NULL,NULL),(181,'https://bradfordfurniture.co.uk/my-account/',203,11,'internal',84,44,NULL,NULL,NULL,NULL,NULL),(182,'https://bradfordfurniture.co.uk/order-tracking/',203,327,'internal',84,82,NULL,NULL,NULL,NULL,NULL),(183,'https://bradfordfurniture.co.uk/sample-page/',203,2,'internal',84,83,NULL,NULL,NULL,NULL,NULL),(184,'https://bradfordfurniture.co.uk/shop/',203,8,'internal',84,7,NULL,NULL,NULL,NULL,NULL),(185,'https://bradfordfurniture.co.uk/wishlist-2/',203,3,'internal',84,12,NULL,NULL,NULL,NULL,NULL),(186,'https://bradfordfurniture.co.uk/wishlist/',203,13,'internal',84,45,NULL,NULL,NULL,NULL,NULL),(187,'https://bradfordfurniture.co.uk/shop/',3,8,'internal',12,7,NULL,NULL,NULL,NULL,NULL),(188,'https://www.portotheme.com/wordpress/porto/documentation/custom-product-layout/',2006,NULL,'external',80,NULL,NULL,NULL,NULL,NULL,NULL),(189,'https://www.portotheme.com/wordpress/porto/shop30/product/product-name-3/',2006,NULL,'external',80,NULL,NULL,NULL,NULL,NULL,NULL),(190,'https://www.portotheme.com/wordpress/porto/elementor-shop30/product/product-name-3/',2006,NULL,'external',80,NULL,NULL,NULL,NULL,NULL,NULL),(191,'http://bradfordfurniture.co.uk/wp-admin/',2,NULL,'internal',83,NULL,NULL,NULL,NULL,NULL,NULL),(192,'https://bradfordfurniture.co.uk/shop/',13,8,'internal',45,7,NULL,NULL,NULL,NULL,NULL),(193,'https://www.portotheme.com/wordpress/porto/shop4/',79,NULL,'external',311,NULL,NULL,NULL,NULL,NULL,NULL),(194,'https://www.portotheme.com/wordpress/porto/shop4/about-us/',79,NULL,'external',311,NULL,NULL,NULL,NULL,NULL,NULL),(195,'https://www.portotheme.com/wordpress/porto/shop4/shop/',79,NULL,'external',311,NULL,NULL,NULL,NULL,NULL,NULL),(196,'https://www.portotheme.com/wordpress/porto/shop4/blog/',79,NULL,'external',311,NULL,NULL,NULL,NULL,NULL,NULL),(197,'https://www.portotheme.com/wordpress/porto/shop4/contact-us/',79,NULL,'external',311,NULL,NULL,NULL,NULL,NULL,NULL),(198,'https://bradfordfurniture.co.uk/shop/chime-sofa/',286,3431,'internal',313,58,NULL,NULL,NULL,NULL,NULL),(199,'https://bradfordfurniture.co.uk/shop/chime-sofa/',286,3431,'internal',313,58,NULL,NULL,NULL,NULL,NULL),(200,'https://bradfordfurniture.co.uk/shop/grayson-sofa/',286,3426,'internal',313,13,NULL,NULL,NULL,NULL,NULL),(201,'https://bradfordfurniture.co.uk/shop/grayson-sofa/',286,3426,'internal',313,13,NULL,NULL,NULL,NULL,NULL),(202,'https://bradfordfurniture.co.uk/shop/everton-sofa/',286,3421,'internal',313,77,NULL,NULL,NULL,NULL,NULL),(203,'https://bradfordfurniture.co.uk/shop/everton-sofa/',286,3421,'internal',313,77,NULL,NULL,NULL,NULL,NULL),(204,'https://bradfordfurniture.co.uk/shop/chime-sofa/',286,3431,'internal',313,58,NULL,NULL,NULL,NULL,NULL),(205,'https://bradfordfurniture.co.uk/shop/chime-sofa/',286,3431,'internal',313,58,NULL,NULL,NULL,NULL,NULL),(206,'https://bradfordfurniture.co.uk/shop/grayson-sofa/',286,3426,'internal',313,13,NULL,NULL,NULL,NULL,NULL),(207,'https://bradfordfurniture.co.uk/shop/grayson-sofa/',286,3426,'internal',313,13,NULL,NULL,NULL,NULL,NULL),(208,'https://bradfordfurniture.co.uk/shop/everton-sofa/',286,3421,'internal',313,77,NULL,NULL,NULL,NULL,NULL),(209,'https://bradfordfurniture.co.uk/shop/everton-sofa/',286,3421,'internal',313,77,NULL,NULL,NULL,NULL,NULL),(210,'https://bradfordfurniture.co.uk/wp-content/uploads/2021/02/chime-sofa-85x85.jpg',286,3434,'image-in',313,NULL,423,800,24897,NULL,NULL),(211,'https://bradfordfurniture.co.uk/wp-content/uploads/2021/02/grayson-sofa-back-corner-85x85.jpg',286,3429,'image-in',313,NULL,427,800,25993,NULL,NULL),(212,'https://bradfordfurniture.co.uk/wp-content/uploads/2021/02/grayson-sofa-high-back-85x85.jpg',286,3430,'image-in',313,NULL,428,800,21588,NULL,NULL),(213,'https://bradfordfurniture.co.uk/wp-content/uploads/2021/02/everton-sofa-back-corner-85x85.jpg',286,3424,'image-in',313,NULL,425,800,30668,NULL,NULL),(214,'https://bradfordfurniture.co.uk/wp-content/uploads/2021/02/everton-sofa-high-back-85x85.jpg',286,3425,'image-in',313,NULL,256,499,10121,NULL,NULL),(215,'https://bradfordfurniture.co.uk/wp-content/uploads/2021/02/chime-sofa-85x85.jpg',286,3434,'image-in',313,NULL,423,800,24897,NULL,NULL),(216,'https://bradfordfurniture.co.uk/wp-content/uploads/2021/02/grayson-sofa-back-corner-85x85.jpg',286,3429,'image-in',313,NULL,427,800,25993,NULL,NULL),(217,'https://bradfordfurniture.co.uk/wp-content/uploads/2021/02/grayson-sofa-high-back-85x85.jpg',286,3430,'image-in',313,NULL,428,800,21588,NULL,NULL),(218,'https://bradfordfurniture.co.uk/wp-content/uploads/2021/02/everton-sofa-back-corner-85x85.jpg',286,3424,'image-in',313,NULL,425,800,30668,NULL,NULL),(219,'https://bradfordfurniture.co.uk/wp-content/uploads/2021/02/everton-sofa-high-back-85x85.jpg',286,3425,'image-in',313,NULL,256,499,10121,NULL,NULL),(220,'https://bradfordfurniture.co.uk/shop/chime-sofa/',714,3431,'internal',315,58,NULL,NULL,NULL,NULL,NULL),(221,'https://bradfordfurniture.co.uk/shop/chime-sofa/',714,3431,'internal',315,58,NULL,NULL,NULL,NULL,NULL),(222,'https://bradfordfurniture.co.uk/shop/grayson-sofa/',714,3426,'internal',315,13,NULL,NULL,NULL,NULL,NULL),(223,'https://bradfordfurniture.co.uk/shop/grayson-sofa/',714,3426,'internal',315,13,NULL,NULL,NULL,NULL,NULL),(224,'https://bradfordfurniture.co.uk/shop/everton-sofa/',714,3421,'internal',315,77,NULL,NULL,NULL,NULL,NULL),(225,'https://bradfordfurniture.co.uk/shop/everton-sofa/',714,3421,'internal',315,77,NULL,NULL,NULL,NULL,NULL),(226,'https://bradfordfurniture.co.uk/shop/chime-sofa/',714,3431,'internal',315,58,NULL,NULL,NULL,NULL,NULL),(227,'https://bradfordfurniture.co.uk/shop/chime-sofa/',714,3431,'internal',315,58,NULL,NULL,NULL,NULL,NULL),(228,'https://bradfordfurniture.co.uk/shop/grayson-sofa/',714,3426,'internal',315,13,NULL,NULL,NULL,NULL,NULL),(229,'https://bradfordfurniture.co.uk/shop/grayson-sofa/',714,3426,'internal',315,13,NULL,NULL,NULL,NULL,NULL),(230,'https://bradfordfurniture.co.uk/shop/everton-sofa/',714,3421,'internal',315,77,NULL,NULL,NULL,NULL,NULL),(231,'https://bradfordfurniture.co.uk/shop/everton-sofa/',714,3421,'internal',315,77,NULL,NULL,NULL,NULL,NULL),(232,'https://bradfordfurniture.co.uk/wp-content/uploads/2021/02/chime-sofa-85x85.jpg',714,3434,'image-in',315,NULL,423,800,24897,NULL,NULL),(233,'https://bradfordfurniture.co.uk/wp-content/uploads/2021/02/grayson-sofa-back-corner-85x85.jpg',714,3429,'image-in',315,NULL,427,800,25993,NULL,NULL),(234,'https://bradfordfurniture.co.uk/wp-content/uploads/2021/02/grayson-sofa-high-back-85x85.jpg',714,3430,'image-in',315,NULL,428,800,21588,NULL,NULL),(235,'https://bradfordfurniture.co.uk/wp-content/uploads/2021/02/everton-sofa-back-corner-85x85.jpg',714,3424,'image-in',315,NULL,425,800,30668,NULL,NULL),(236,'https://bradfordfurniture.co.uk/wp-content/uploads/2021/02/everton-sofa-high-back-85x85.jpg',714,3425,'image-in',315,NULL,256,499,10121,NULL,NULL),(237,'https://bradfordfurniture.co.uk/wp-content/uploads/2021/02/chime-sofa-85x85.jpg',714,3434,'image-in',315,NULL,423,800,24897,NULL,NULL),(238,'https://bradfordfurniture.co.uk/wp-content/uploads/2021/02/grayson-sofa-back-corner-85x85.jpg',714,3429,'image-in',315,NULL,427,800,25993,NULL,NULL),(239,'https://bradfordfurniture.co.uk/wp-content/uploads/2021/02/grayson-sofa-high-back-85x85.jpg',714,3430,'image-in',315,NULL,428,800,21588,NULL,NULL),(240,'https://bradfordfurniture.co.uk/wp-content/uploads/2021/02/everton-sofa-back-corner-85x85.jpg',714,3424,'image-in',315,NULL,425,800,30668,NULL,NULL),(241,'https://bradfordfurniture.co.uk/wp-content/uploads/2021/02/everton-sofa-high-back-85x85.jpg',714,3425,'image-in',315,NULL,256,499,10121,NULL,NULL),(242,'https://bradfordfurniture.co.uk/shop/monty-sofa/',2000,3367,'internal',319,17,NULL,NULL,NULL,NULL,NULL),(243,'https://bradfordfurniture.co.uk/shop/monty-sofa/',2000,3367,'internal',319,17,NULL,NULL,NULL,NULL,NULL),(244,'https://bradfordfurniture.co.uk/shop/deluxe-bed-frame/',2000,3356,'internal',319,78,NULL,NULL,NULL,NULL,NULL),(245,'https://bradfordfurniture.co.uk/shop/deluxe-bed-frame/',2000,3356,'internal',319,78,NULL,NULL,NULL,NULL,NULL),(246,'https://bradfordfurniture.co.uk/shop/safari-glitter-bed-frame/',2000,3349,'internal',319,93,NULL,NULL,NULL,NULL,NULL),(247,'https://bradfordfurniture.co.uk/shop/safari-glitter-bed-frame/',2000,3349,'internal',319,93,NULL,NULL,NULL,NULL,NULL),(248,'https://bradfordfurniture.co.uk/shop/divan-bed-base/',2000,1385,'internal',319,54,NULL,NULL,NULL,NULL,NULL),(249,'https://bradfordfurniture.co.uk/shop/divan-bed-base/',2000,1385,'internal',319,54,NULL,NULL,NULL,NULL,NULL),(250,'https://bradfordfurniture.co.uk/shop/deluxe-bed-frame/',2000,3356,'internal',319,78,NULL,NULL,NULL,NULL,NULL),(251,'https://bradfordfurniture.co.uk/shop/deluxe-bed-frame/',2000,3356,'internal',319,78,NULL,NULL,NULL,NULL,NULL),(252,'https://bradfordfurniture.co.uk/shop/end-lift-up-ottoman-storage-bed-frame/',2000,2512,'internal',319,35,NULL,NULL,NULL,NULL,NULL),(253,'https://bradfordfurniture.co.uk/shop/end-lift-up-ottoman-storage-bed-frame/',2000,2512,'internal',319,35,NULL,NULL,NULL,NULL,NULL),(254,'https://bradfordfurniture.co.uk/shop/chime-sofa/',2000,3431,'internal',319,58,NULL,NULL,NULL,NULL,NULL),(255,'https://bradfordfurniture.co.uk/shop/chime-sofa/',2000,3431,'internal',319,58,NULL,NULL,NULL,NULL,NULL),(256,'https://bradfordfurniture.co.uk/shop/grayson-sofa/',2000,3426,'internal',319,13,NULL,NULL,NULL,NULL,NULL),(257,'https://bradfordfurniture.co.uk/shop/grayson-sofa/',2000,3426,'internal',319,13,NULL,NULL,NULL,NULL,NULL),(258,'https://bradfordfurniture.co.uk/shop/everton-sofa/',2000,3421,'internal',319,77,NULL,NULL,NULL,NULL,NULL),(259,'https://bradfordfurniture.co.uk/shop/everton-sofa/',2000,3421,'internal',319,77,NULL,NULL,NULL,NULL,NULL),(260,'https://bradfordfurniture.co.uk/shop/divan-bed-base/',2000,1385,'internal',319,54,NULL,NULL,NULL,NULL,NULL),(261,'https://bradfordfurniture.co.uk/shop/divan-bed-base/',2000,1385,'internal',319,54,NULL,NULL,NULL,NULL,NULL),(262,'https://bradfordfurniture.co.uk/shop/deluxe-bed-frame/',2000,3356,'internal',319,78,NULL,NULL,NULL,NULL,NULL),(263,'https://bradfordfurniture.co.uk/shop/deluxe-bed-frame/',2000,3356,'internal',319,78,NULL,NULL,NULL,NULL,NULL),(264,'https://bradfordfurniture.co.uk/shop/end-lift-up-ottoman-storage-bed-frame/',2000,2512,'internal',319,35,NULL,NULL,NULL,NULL,NULL),(265,'https://bradfordfurniture.co.uk/shop/end-lift-up-ottoman-storage-bed-frame/',2000,2512,'internal',319,35,NULL,NULL,NULL,NULL,NULL),(266,'https://bradfordfurniture.co.uk/wp-content/uploads/2021/02/Monty-Scatter-Back-Corner-Sofa-85x85.jpg',2000,3375,'image-in',319,NULL,427,800,20342,NULL,NULL),(267,'https://bradfordfurniture.co.uk/wp-content/uploads/2021/02/Monty-High-Back-Sofa-85x85.jpg',2000,3376,'image-in',319,NULL,428,800,18886,NULL,NULL),(268,'https://bradfordfurniture.co.uk/wp-content/uploads/2021/02/deluxe-bed-frame-85x85.jpg',2000,3366,'image-in',319,NULL,304,480,19808,NULL,NULL),(269,'https://bradfordfurniture.co.uk/wp-content/uploads/2021/02/balmoral-bed-frame-85x85.jpg',2000,3343,'image-in',319,NULL,360,480,19385,NULL,NULL),(270,'https://bradfordfurniture.co.uk/wp-content/uploads/2018/04/divan-beds-85x85.jpg',2000,2228,'image-in',319,NULL,453,643,13055,NULL,NULL),(271,'https://bradfordfurniture.co.uk/wp-content/uploads/2018/04/divan-beds-base-85x85.jpeg',2000,2236,'image-in',319,NULL,530,828,298945,NULL,NULL),(272,'https://bradfordfurniture.co.uk/wp-content/uploads/2021/02/deluxe-bed-frame-85x85.jpg',2000,3366,'image-in',319,NULL,304,480,19808,NULL,NULL),(273,'https://bradfordfurniture.co.uk/wp-content/uploads/2021/01/end-lift-up-ottoman-storage-bed-frame-85x85.jpg',2000,2519,'image-in',319,NULL,1087,1244,57036,NULL,NULL),(274,'https://bradfordfurniture.co.uk/wp-content/uploads/2021/01/end-lift-up-ottoman-storage-bed-frame-1-85x85.jpg',2000,2520,'image-in',319,NULL,1595,1507,86470,NULL,NULL),(275,'https://bradfordfurniture.co.uk/wp-content/uploads/2021/02/chime-sofa-85x85.jpg',2000,3434,'image-in',319,NULL,423,800,24897,NULL,NULL),(276,'https://bradfordfurniture.co.uk/wp-content/uploads/2021/02/grayson-sofa-back-corner-85x85.jpg',2000,3429,'image-in',319,NULL,427,800,25993,NULL,NULL),(277,'https://bradfordfurniture.co.uk/wp-content/uploads/2021/02/grayson-sofa-high-back-85x85.jpg',2000,3430,'image-in',319,NULL,428,800,21588,NULL,NULL),(278,'https://bradfordfurniture.co.uk/wp-content/uploads/2021/02/everton-sofa-back-corner-85x85.jpg',2000,3424,'image-in',319,NULL,425,800,30668,NULL,NULL),(279,'https://bradfordfurniture.co.uk/wp-content/uploads/2021/02/everton-sofa-high-back-85x85.jpg',2000,3425,'image-in',319,NULL,256,499,10121,NULL,NULL),(280,'https://bradfordfurniture.co.uk/wp-content/uploads/2018/04/divan-beds-85x85.jpg',2000,2228,'image-in',319,NULL,453,643,13055,NULL,NULL),(281,'https://bradfordfurniture.co.uk/wp-content/uploads/2018/04/divan-beds-base-85x85.jpeg',2000,2236,'image-in',319,NULL,530,828,298945,NULL,NULL),(282,'https://bradfordfurniture.co.uk/wp-content/uploads/2021/02/deluxe-bed-frame-85x85.jpg',2000,3366,'image-in',319,NULL,304,480,19808,NULL,NULL),(283,'https://bradfordfurniture.co.uk/wp-content/uploads/2021/01/end-lift-up-ottoman-storage-bed-frame-85x85.jpg',2000,2519,'image-in',319,NULL,1087,1244,57036,NULL,NULL),(284,'https://bradfordfurniture.co.uk/wp-content/uploads/2021/01/end-lift-up-ottoman-storage-bed-frame-1-85x85.jpg',2000,2520,'image-in',319,NULL,1595,1507,86470,NULL,NULL),(5958,'https://bradfordfurniture.co.uk/wp-content/uploads/2021/01/bradford-furniture-mattresses-shop.png',2089,14,'image-in',209,NULL,100,232,17128,NULL,NULL),(6316,'http://bradfordfurniture.co.uk',3545,143,'internal',368,2,NULL,NULL,NULL,NULL,NULL),(6651,'https://bcweeklycarpets.co.uk/',3563,NULL,'external',380,NULL,NULL,NULL,NULL,NULL,NULL),(6659,'https://bcweeklycarpets.co.uk/',3782,NULL,'external',602,NULL,NULL,NULL,NULL,NULL,NULL),(6666,'https://bcweeklycarpets.co.uk/',3793,NULL,'external',615,NULL,NULL,NULL,NULL,NULL,NULL),(6669,'https://bcweeklycarpets.co.uk/',3802,NULL,'external',624,NULL,NULL,NULL,NULL,NULL,NULL),(6672,'https://bcweeklycarpets.co.uk/',3817,NULL,'external',639,NULL,NULL,NULL,NULL,NULL,NULL),(6674,'https://bcweeklycarpets.co.uk/',3830,NULL,'external',652,NULL,NULL,NULL,NULL,NULL,NULL),(6678,'https://bcweeklycarpets.co.uk/',3839,NULL,'external',662,NULL,NULL,NULL,NULL,NULL,NULL),(6681,'https://bcweeklycarpets.co.uk/',3850,NULL,'external',674,NULL,NULL,NULL,NULL,NULL,NULL),(6684,'https://bcweeklycarpets.co.uk/',3861,NULL,'external',685,NULL,NULL,NULL,NULL,NULL,NULL),(6687,'https://bcweeklycarpets.co.uk/',3869,NULL,'external',694,NULL,NULL,NULL,NULL,NULL,NULL),(6691,'https://bcweeklycarpets.co.uk/',3882,NULL,'external',707,NULL,NULL,NULL,NULL,NULL,NULL),(6694,'https://bcweeklycarpets.co.uk/',3898,NULL,'external',724,NULL,NULL,NULL,NULL,NULL,NULL),(6697,'https://bcweeklycarpets.co.uk/',3910,NULL,'external',740,NULL,NULL,NULL,NULL,NULL,NULL),(6702,'https://bcweeklycarpets.co.uk/',3936,NULL,'external',771,NULL,NULL,NULL,NULL,NULL,NULL),(6705,'https://bcweeklycarpets.co.uk/',3951,NULL,'external',787,NULL,NULL,NULL,NULL,NULL,NULL),(6715,'https://bcweeklycarpets.co.uk/',3986,NULL,'external',826,NULL,NULL,NULL,NULL,NULL,NULL),(6719,'https://bcweeklycarpets.co.uk/',4002,NULL,'external',843,NULL,NULL,NULL,NULL,NULL,NULL),(6722,'https://bcweeklycarpets.co.uk/',4010,NULL,'external',853,NULL,NULL,NULL,NULL,NULL,NULL),(6724,'https://bcweeklycarpets.co.uk/',4024,NULL,'external',868,NULL,NULL,NULL,NULL,NULL,NULL),(6726,'https://bcweeklycarpets.co.uk/',4042,NULL,'external',887,NULL,NULL,NULL,NULL,NULL,NULL),(6728,'https://bcweeklycarpets.co.uk/',4050,NULL,'external',896,NULL,NULL,NULL,NULL,NULL,NULL),(6731,'https://bcweeklycarpets.co.uk/',4060,NULL,'external',906,NULL,NULL,NULL,NULL,NULL,NULL),(6755,'https://bcweeklycarpets.co.uk/',3491,NULL,'external',48,NULL,NULL,NULL,NULL,NULL,NULL),(6760,'https://www.bcweeklycarpets.co.uk/',3779,NULL,'external',600,NULL,NULL,NULL,NULL,NULL,NULL),(6761,'https://bradfordfurniture.co.uk/shop/dina-double-bed-frame/',3779,3774,'internal',600,590,NULL,NULL,NULL,NULL,NULL),(6888,'https://bradfordfurniture.co.uk/',2248,NULL,'internal',102,3,NULL,NULL,NULL,NULL,NULL),(6889,'https://bradfordfurniture.co.uk/',2248,NULL,'internal',102,3,NULL,NULL,NULL,NULL,NULL),(6890,'https://www.bcweeklycarpets.co.uk/',2248,NULL,'external',102,NULL,NULL,NULL,NULL,NULL,NULL),(6891,'https://bradfordfurniture.co.uk/',1385,NULL,'internal',54,3,NULL,NULL,NULL,NULL,NULL),(6892,'https://www.bcweeklycarpets.co.uk/',1385,NULL,'external',54,NULL,NULL,NULL,NULL,NULL,NULL),(7394,'https://bradfordfurniture.co.uk/category/sales/',143,NULL,'internal',2,27,NULL,NULL,NULL,NULL,NULL),(7396,'https://bradfordfurniture.co.uk/category/sofas/fabric-sofas/',143,NULL,'internal',2,26,NULL,NULL,NULL,NULL,NULL),(7398,'https://bradfordfurniture.co.uk/category/sofas/fabric-sofas/',143,NULL,'internal',2,26,NULL,NULL,NULL,NULL,NULL),(7400,'https://bradfordfurniture.co.uk/shop/deluxe-bed-frame/',143,3356,'internal',2,78,NULL,NULL,NULL,NULL,NULL),(7401,'https://bradfordfurniture.co.uk/category/beds/faux-leather-beds/',143,NULL,'internal',2,91,NULL,NULL,NULL,NULL,NULL),(7402,'https://bradfordfurniture.co.uk/shop/deluxe-bed-frame/',143,3356,'internal',2,78,NULL,NULL,NULL,NULL,NULL),(7420,'https://bradfordfurniture.co.uk/category/beds/faux-leather-beds/',143,NULL,'internal',2,91,NULL,NULL,NULL,NULL,NULL),(7422,'https://bradfordfurniture.co.uk/shop/rome-bed-frame/',143,3265,'internal',2,51,NULL,NULL,NULL,NULL,NULL),(7423,'https://bradfordfurniture.co.uk/category/beds/faux-leather-beds/',143,NULL,'internal',2,91,NULL,NULL,NULL,NULL,NULL),(7424,'https://bradfordfurniture.co.uk/shop/rome-bed-frame/',143,3265,'internal',2,51,NULL,NULL,NULL,NULL,NULL),(7426,'https://bradfordfurniture.co.uk/category/beds/faux-leather-beds/',143,NULL,'internal',2,91,NULL,NULL,NULL,NULL,NULL),(7428,'https://bradfordfurniture.co.uk/shop/sleigh-bed-frame/',143,3246,'internal',2,36,NULL,NULL,NULL,NULL,NULL),(7429,'https://bradfordfurniture.co.uk/category/beds/faux-leather-beds/',143,NULL,'internal',2,91,NULL,NULL,NULL,NULL,NULL),(7430,'https://bradfordfurniture.co.uk/shop/sleigh-bed-frame/',143,3246,'internal',2,36,NULL,NULL,NULL,NULL,NULL),(7434,'https://bradfordfurniture.co.uk/shop/best-turkish-bed-settees/',143,4191,'internal',2,1058,NULL,NULL,NULL,NULL,NULL),(7435,'https://bradfordfurniture.co.uk/category/bedsettee/',143,NULL,'internal',2,10,NULL,NULL,NULL,NULL,NULL),(7437,'https://bradfordfurniture.co.uk/shop/best-turkish-bed-settees/',143,4191,'internal',2,1058,NULL,NULL,NULL,NULL,NULL),(7439,'https://bradfordfurniture.co.uk/category/bedsettee/',143,NULL,'internal',2,10,NULL,NULL,NULL,NULL,NULL),(7443,'https://bradfordfurniture.co.uk/category/bedsettee/',143,NULL,'internal',2,10,NULL,NULL,NULL,NULL,NULL),(7447,'https://bradfordfurniture.co.uk/category/bedsettee/',143,NULL,'internal',2,10,NULL,NULL,NULL,NULL,NULL),(7451,'https://bradfordfurniture.co.uk/category/bedroom-furniture/',143,NULL,'internal',2,32,NULL,NULL,NULL,NULL,NULL),(7454,'https://bradfordfurniture.co.uk/category/bedroom-furniture/',143,NULL,'internal',2,32,NULL,NULL,NULL,NULL,NULL),(7456,'https://bradfordfurniture.co.uk/category/sales/',143,NULL,'internal',2,27,NULL,NULL,NULL,NULL,NULL),(7457,'https://bradfordfurniture.co.uk/category/bedroom-furniture/',143,NULL,'internal',2,32,NULL,NULL,NULL,NULL,NULL),(7458,'https://bradfordfurniture.co.uk/category/beds/',143,NULL,'internal',2,16,NULL,NULL,NULL,NULL,NULL),(7459,'https://bradfordfurniture.co.uk/category/beds/beds-frame/',143,NULL,'internal',2,87,NULL,NULL,NULL,NULL,NULL),(7460,'https://bradfordfurniture.co.uk/category/bedsettee/',143,NULL,'internal',2,10,NULL,NULL,NULL,NULL,NULL),(7463,'https://www.bcweeklycarpets.co.uk/',143,NULL,'external',2,NULL,NULL,NULL,NULL,NULL,NULL),(7464,'https://bradfordfurniture.co.uk/category/sales/',143,NULL,'internal',2,27,NULL,NULL,NULL,NULL,NULL),(7465,'https://bradfordfurniture.co.uk/select-the-perfect-carpet/',143,3491,'internal',2,48,NULL,NULL,NULL,NULL,NULL),(7466,'https://bradfordfurniture.co.uk/select-the-perfect-carpet/',143,3491,'internal',2,48,NULL,NULL,NULL,NULL,NULL),(7469,'https://bradfordfurniture.co.uk/select-the-perfect-carpet/',143,3491,'internal',2,48,NULL,NULL,NULL,NULL,NULL),(7470,'https://bradfordfurniture.co.uk/awesome-buying-guide-for-sofa/',143,3480,'internal',2,60,NULL,NULL,NULL,NULL,NULL),(7471,'https://bradfordfurniture.co.uk/awesome-buying-guide-for-sofa/',143,3480,'internal',2,60,NULL,NULL,NULL,NULL,NULL),(7473,'https://bradfordfurniture.co.uk/awesome-buying-guide-for-sofa/#respond',143,3480,'internal',2,60,NULL,NULL,NULL,NULL,NULL),(7474,'https://bradfordfurniture.co.uk/awesome-buying-guide-for-sofa/',143,3480,'internal',2,60,NULL,NULL,NULL,NULL,NULL),(7475,'https://bradfordfurniture.co.uk/which-mattress-is-best/',143,3459,'internal',2,55,NULL,NULL,NULL,NULL,NULL),(7476,'https://bradfordfurniture.co.uk/which-mattress-is-best/',143,3459,'internal',2,55,NULL,NULL,NULL,NULL,NULL),(7478,'https://bradfordfurniture.co.uk/which-mattress-is-best/#respond',143,3459,'internal',2,55,NULL,NULL,NULL,NULL,NULL),(7479,'https://bradfordfurniture.co.uk/which-mattress-is-best/',143,3459,'internal',2,55,NULL,NULL,NULL,NULL,NULL),(7480,'https://bradfordfurniture.co.uk/what-makes-the-perfect-bed/',143,1354,'internal',2,73,NULL,NULL,NULL,NULL,NULL),(7481,'https://bradfordfurniture.co.uk/what-makes-the-perfect-bed/',143,1354,'internal',2,73,NULL,NULL,NULL,NULL,NULL),(7483,'https://bradfordfurniture.co.uk/what-makes-the-perfect-bed/#respond',143,1354,'internal',2,73,NULL,NULL,NULL,NULL,NULL),(7484,'https://bradfordfurniture.co.uk/what-makes-the-perfect-bed/',143,1354,'internal',2,73,NULL,NULL,NULL,NULL,NULL),(7487,'https://bradfordfurniture.co.uk/shop/deluxe-bed-frame/',143,3356,'internal',2,78,NULL,NULL,NULL,NULL,NULL),(7488,'https://bradfordfurniture.co.uk/shop/deluxe-bed-frame/',143,3356,'internal',2,78,NULL,NULL,NULL,NULL,NULL),(7493,'https://bradfordfurniture.co.uk/shop/rome-bed-frame/',143,3265,'internal',2,51,NULL,NULL,NULL,NULL,NULL),(7494,'https://bradfordfurniture.co.uk/shop/rome-bed-frame/',143,3265,'internal',2,51,NULL,NULL,NULL,NULL,NULL),(7495,'https://bradfordfurniture.co.uk/shop/deluxe-bed-frame/',143,3356,'internal',2,78,NULL,NULL,NULL,NULL,NULL),(7496,'https://bradfordfurniture.co.uk/shop/deluxe-bed-frame/',143,3356,'internal',2,78,NULL,NULL,NULL,NULL,NULL),(7497,'https://bradfordfurniture.co.uk/shop/best-turkish-bed-settees/',143,4191,'internal',2,1058,NULL,NULL,NULL,NULL,NULL),(7498,'https://bradfordfurniture.co.uk/shop/best-turkish-bed-settees/',143,4191,'internal',2,1058,NULL,NULL,NULL,NULL,NULL),(7505,'https://bradfordfurniture.co.uk/shop/deluxe-bed-frame/',143,3356,'internal',2,78,NULL,NULL,NULL,NULL,NULL),(7506,'https://bradfordfurniture.co.uk/shop/deluxe-bed-frame/',143,3356,'internal',2,78,NULL,NULL,NULL,NULL,NULL),(7510,'https://bradfordfurniture.co.uk/wp-content/uploads/2021/02/bradford-furniture-Monty-Scatter-Back-Corner-Sofa-300x300.jpg',143,3375,'image-in',2,NULL,427,800,20342,NULL,NULL),(7511,'https://bradfordfurniture.co.uk/wp-content/uploads/2021/02/bradford-furniture-Monty-High-Back-Sofa-300x300.jpg',143,3376,'image-in',2,NULL,428,800,18886,NULL,NULL),(7512,'https://bradfordfurniture.co.uk/wp-content/uploads/2021/02/bradford-furniture-deluxe-bed-frame-300x300.jpg',143,3366,'image-in',2,NULL,304,480,19808,NULL,NULL),(7521,'https://bradfordfurniture.co.uk/wp-content/uploads/2021/02/bradford-furniture-rome-bed-frame-300x300.jpg',143,3272,'image-in',2,NULL,350,480,22142,NULL,NULL),(7524,'https://bradfordfurniture.co.uk/wp-content/uploads/2021/02/bradford-furniture-sleigh-bed-frame-300x285.jpg',143,3249,'image-in',2,NULL,285,480,15629,NULL,NULL),(7534,'https://bradfordfurniture.co.uk/wp-content/uploads/2021/01/bradford-furniture-bedroom-furniure-cat-300x300.jpg',143,2215,'image-in',2,NULL,400,400,17107,NULL,NULL),(7535,'https://bradfordfurniture.co.uk/wp-content/uploads/2021/01/bradford-furniture-beds-300x300.jpeg',143,2213,'image-in',2,NULL,480,614,16240,NULL,NULL),(7536,'https://bradfordfurniture.co.uk/wp-content/uploads/2018/04/bradford-furniture-divan-beds-300x300.jpg',143,2228,'image-in',2,NULL,453,643,13055,NULL,NULL),(7537,'https://bradfordfurniture.co.uk/wp-content/uploads/2021/01/bradford-furniture-bed-settee-300x300.jpg',143,2216,'image-in',2,NULL,400,400,20713,NULL,NULL),(7540,'https://bradfordfurniture.co.uk/wp-content/uploads/2021/03/bradford-carpets-shop-400x300.jpg',143,3647,'image-in',2,NULL,300,400,29785,NULL,NULL),(7541,'https://bradfordfurniture.co.uk/wp-content/uploads/2021/03/bradford-furniture-sofa-400x300.jpg',143,3695,'image-in',2,NULL,300,400,25736,NULL,NULL),(7542,'https://bradfordfurniture.co.uk/wp-content/uploads/2021/03/bradford-furniture-mattress-white-400x300.jpg',143,3662,'image-in',2,NULL,300,400,9577,NULL,NULL),(7543,'https://bradfordfurniture.co.uk/wp-content/uploads/2018/02/bradford-furniture-different-types-of-beds-and-frames-400x300.jpg',143,3439,'image-in',2,NULL,614,900,138317,NULL,NULL),(7544,'https://bradfordfurniture.co.uk/wp-content/uploads/2021/02/bradford-furniture-Monty-Scatter-Back-Corner-Sofa-85x85.jpg',143,3375,'image-in',2,NULL,427,800,20342,NULL,NULL),(7545,'https://bradfordfurniture.co.uk/wp-content/uploads/2021/02/bradford-furniture-Monty-High-Back-Sofa-85x85.jpg',143,3376,'image-in',2,NULL,428,800,18886,NULL,NULL),(7546,'https://bradfordfurniture.co.uk/wp-content/uploads/2021/02/bradford-furniture-deluxe-bed-frame-85x85.jpg',143,3366,'image-in',2,NULL,304,480,19808,NULL,NULL),(7551,'https://bradfordfurniture.co.uk/wp-content/uploads/2021/02/bradford-furniture-deluxe-bed-frame-85x85.jpg',143,3366,'image-in',2,NULL,304,480,19808,NULL,NULL),(7552,'https://bradfordfurniture.co.uk/wp-content/uploads/2021/06/Bradford-best-turkish-bed-settee-85x85.jpg',143,4193,'image-in',2,NULL,742,1411,283198,NULL,NULL),(7557,'https://bradfordfurniture.co.uk/wp-content/uploads/2021/02/bradford-furniture-deluxe-bed-frame-85x85.jpg',143,3366,'image-in',2,NULL,304,480,19808,NULL,NULL),(7584,'tel:(800)123-4567',73,NULL,'external',11,NULL,NULL,NULL,NULL,NULL,NULL),(7585,'mailto:porto@portotheme.com',73,NULL,'external',11,NULL,NULL,NULL,NULL,NULL,NULL),(7613,'https://bradfordfurniture.co.uk/',4157,NULL,'internal',1009,3,NULL,NULL,NULL,NULL,NULL),(7614,'https://www.bcweeklycarpets.co.uk/',4157,NULL,'external',1009,NULL,NULL,NULL,NULL,NULL,NULL),(7642,'https://bradfordfurniture.co.uk/',2256,NULL,'internal',90,3,NULL,NULL,NULL,NULL,NULL),(7643,'https://www.bcweeklycarpets.co.uk/',2256,NULL,'external',90,NULL,NULL,NULL,NULL,NULL,NULL),(7646,'https://bradfordfurniture.co.uk/',4191,NULL,'internal',1058,3,NULL,NULL,NULL,NULL,NULL),(7647,'https://www.bcweeklycarpets.co.uk/',4191,NULL,'external',1058,NULL,NULL,NULL,NULL,NULL,NULL),(7648,'https://bradfordfurniture.co.uk/',4188,NULL,'internal',1056,3,NULL,NULL,NULL,NULL,NULL),(7649,'https://www.bcweeklycarpets.co.uk/',4188,NULL,'external',1056,NULL,NULL,NULL,NULL,NULL,NULL),(7650,'https://bradfordfurniture.co.uk/',4186,NULL,'internal',1054,3,NULL,NULL,NULL,NULL,NULL),(7651,'https://www.bcweeklycarpets.co.uk/',4186,NULL,'external',1054,NULL,NULL,NULL,NULL,NULL,NULL),(7652,'https://bradfordfurniture.co.uk/',4183,NULL,'internal',1048,3,NULL,NULL,NULL,NULL,NULL),(7653,'https://www.bcweeklycarpets.co.uk/',4183,NULL,'external',1048,NULL,NULL,NULL,NULL,NULL,NULL),(7658,'https://bradfordfurniture.co.uk',4178,143,'internal',1041,2,NULL,NULL,NULL,NULL,NULL),(7659,'https://www.bcweeklycarpets.co.uk/',4178,NULL,'external',1041,NULL,NULL,NULL,NULL,NULL,NULL),(7660,'https://bradfordfurniture.co.uk/',4174,NULL,'internal',1030,3,NULL,NULL,NULL,NULL,NULL),(7661,'https://www.bcweeklycarpets.co.uk/',4174,NULL,'external',1030,NULL,NULL,NULL,NULL,NULL,NULL),(7673,'https://bradfordfurniture.co.uk/',4145,NULL,'internal',997,3,NULL,NULL,NULL,NULL,NULL),(7674,'https://bcweeklycarpets.co.uk/',4145,NULL,'external',997,NULL,NULL,NULL,NULL,NULL,NULL),(7675,'https://bradfordfurniture.co.uk/',4131,NULL,'internal',982,3,NULL,NULL,NULL,NULL,NULL),(7676,'https://bcweeklycarpets.co.uk/',4131,NULL,'external',982,NULL,NULL,NULL,NULL,NULL,NULL),(7679,'https://bradfordfurniture.co.uk/',4119,NULL,'internal',969,3,NULL,NULL,NULL,NULL,NULL),(7680,'https://bcweeklycarpets.co.uk/',4119,NULL,'external',969,NULL,NULL,NULL,NULL,NULL,NULL),(7681,'https://bradfordfurniture.co.uk/',4106,NULL,'internal',956,3,NULL,NULL,NULL,NULL,NULL),(7682,'https://bcweeklycarpets.co.uk/',4106,NULL,'external',956,NULL,NULL,NULL,NULL,NULL,NULL),(7694,'https://bradfordfurniture.co.uk',4083,143,'internal',931,2,NULL,NULL,NULL,NULL,NULL),(7695,'https://bcweeklycarpets.co.uk/',4083,NULL,'external',931,NULL,NULL,NULL,NULL,NULL,NULL),(7699,'https://bcweeklycarpets.co.uk/',4073,NULL,'external',920,NULL,NULL,NULL,NULL,NULL,NULL),(7700,'https://bradfordfurniture.co.uk',4073,143,'internal',920,2,NULL,NULL,NULL,NULL,NULL),(7701,'https://bradfordfurniture.co.uk',4060,143,'internal',906,2,NULL,NULL,NULL,NULL,NULL),(7702,'https://bradfordfurniture.co.uk',4050,143,'internal',896,2,NULL,NULL,NULL,NULL,NULL),(7703,'https://bradfordfurniture.co.uk',4042,143,'internal',887,2,NULL,NULL,NULL,NULL,NULL),(7704,'https://bradfordfurniture.co.uk',4024,143,'internal',868,2,NULL,NULL,NULL,NULL,NULL),(7705,'https://bradfordfurniture.co.uk',4010,143,'internal',853,2,NULL,NULL,NULL,NULL,NULL),(7706,'https://bradfordfurniture.co.uk',4002,143,'internal',843,2,NULL,NULL,NULL,NULL,NULL),(7707,'https://bradfordfurniture.co.uk',3986,143,'internal',826,2,NULL,NULL,NULL,NULL,NULL),(7709,'https://www.bcweeklycarpets.co.uk/',3774,NULL,'external',590,NULL,NULL,NULL,NULL,NULL,NULL),(7710,'https://bradfordfurniture.co.uk/shop/scroll-sleigh-double-bed-frame/',3774,3779,'internal',590,600,NULL,NULL,NULL,NULL,NULL),(7711,'https://www.bcweeklycarpets.co.uk/',3356,NULL,'external',78,NULL,NULL,NULL,NULL,NULL,NULL),(7712,'https://bradfordfurniture.co.uk/shop/dina-double-bed-frame/',3356,3774,'internal',78,590,NULL,NULL,NULL,NULL,NULL),(7713,'https://www.bcweeklycarpets.co.uk/',3349,NULL,'external',93,NULL,NULL,NULL,NULL,NULL,NULL),(7714,'https://bradfordfurniture.co.uk/shop/dina-double-bed-frame/',3349,3774,'internal',93,590,NULL,NULL,NULL,NULL,NULL),(7715,'https://www.bcweeklycarpets.co.uk/',3326,NULL,'external',18,NULL,NULL,NULL,NULL,NULL,NULL),(7717,'https://bradfordfurniture.co.uk/shop/dina-double-bed-frame/',3326,3774,'internal',18,590,NULL,NULL,NULL,NULL,NULL),(7718,'https://www.bcweeklycarpets.co.uk/',3300,NULL,'external',67,NULL,NULL,NULL,NULL,NULL,NULL),(7720,'https://bradfordfurniture.co.uk/shop/dina-double-bed-frame/',3300,3774,'internal',67,590,NULL,NULL,NULL,NULL,NULL),(7721,'https://www.bcweeklycarpets.co.uk/',3289,NULL,'external',15,NULL,NULL,NULL,NULL,NULL,NULL),(7723,'https://bradfordfurniture.co.uk/shop/dina-double-bed-frame/',3289,3774,'internal',15,590,NULL,NULL,NULL,NULL,NULL),(7724,'https://www.bcweeklycarpets.co.uk/',3280,NULL,'external',76,NULL,NULL,NULL,NULL,NULL,NULL),(7726,'https://bradfordfurniture.co.uk/shop/dina-double-bed-frame/',3280,3774,'internal',76,590,NULL,NULL,NULL,NULL,NULL),(7727,'https://bradfordfurniture.co.uk/category/beds/metal-beds/',4241,NULL,'internal',1107,33,NULL,NULL,NULL,NULL,NULL),(7728,'https://bradfordfurniture.co.uk/category/beds/faux-leather-beds/',4241,NULL,'internal',1107,91,NULL,NULL,NULL,NULL,NULL),(7729,'https://bradfordfurniture.co.uk/category/beds/fabric-upholstered-beds/',4241,NULL,'internal',1107,92,NULL,NULL,NULL,NULL,NULL),(7730,'https://bradfordfurniture.co.uk/category/mattresses/memory-foam/',4241,NULL,'internal',1107,22,NULL,NULL,NULL,NULL,NULL),(7731,'https://bradfordfurniture.co.uk/category/bedroom-furniture/',4241,NULL,'internal',1107,32,NULL,NULL,NULL,NULL,NULL),(7732,'https://bradfordfurniture.co.uk/shop/balmoral-bed-frame/',4241,3326,'internal',1107,18,NULL,NULL,NULL,NULL,NULL),(7733,'https://bradfordfurniture.co.uk/category/beds/beds-frame/',4241,NULL,'internal',1107,87,NULL,NULL,NULL,NULL,NULL),(7734,'https://bradfordfurniture.co.uk/category/beds/fabric-upholstered-beds/',4241,NULL,'internal',1107,92,NULL,NULL,NULL,NULL,NULL),(7735,'https://bradfordfurniture.co.uk/shop/balmoral-bed-frame/',4241,3326,'internal',1107,18,NULL,NULL,NULL,NULL,NULL),(7736,'https://bradfordfurniture.co.uk/shop/barcelona-bed-frame/',4241,3223,'internal',1107,94,NULL,NULL,NULL,NULL,NULL),(7737,'https://bradfordfurniture.co.uk/category/beds/faux-leather-beds/',4241,NULL,'internal',1107,91,NULL,NULL,NULL,NULL,NULL),(7738,'https://bradfordfurniture.co.uk/shop/barcelona-bed-frame/',4241,3223,'internal',1107,94,NULL,NULL,NULL,NULL,NULL),(7739,'https://bradfordfurniture.co.uk/shop/barcelona-metal-bed-frame/',4241,3300,'internal',1107,67,NULL,NULL,NULL,NULL,NULL),(7740,'https://bradfordfurniture.co.uk/category/beds/metal-beds/',4241,NULL,'internal',1107,33,NULL,NULL,NULL,NULL,NULL),(7741,'https://bradfordfurniture.co.uk/shop/barcelona-metal-bed-frame/',4241,3300,'internal',1107,67,NULL,NULL,NULL,NULL,NULL),(7742,'https://bradfordfurniture.co.uk/shop/comfort-divan-set/',4241,2353,'internal',1107,85,NULL,NULL,NULL,NULL,NULL),(7743,'https://bradfordfurniture.co.uk/category/beds/divan-beds/',4241,NULL,'internal',1107,74,NULL,NULL,NULL,NULL,NULL),(7744,'https://bradfordfurniture.co.uk/shop/comfort-divan-set/',4241,2353,'internal',1107,85,NULL,NULL,NULL,NULL,NULL),(7745,'https://bradfordfurniture.co.uk/shop/deluxe-bed-frame/',4241,3356,'internal',1107,78,NULL,NULL,NULL,NULL,NULL),(7746,'https://bradfordfurniture.co.uk/category/beds/faux-leather-beds/',4241,NULL,'internal',1107,91,NULL,NULL,NULL,NULL,NULL),(7747,'https://bradfordfurniture.co.uk/shop/deluxe-bed-frame/',4241,3356,'internal',1107,78,NULL,NULL,NULL,NULL,NULL),(7748,'https://bradfordfurniture.co.uk/shop/dina-bed-frame/',4241,2975,'internal',1107,98,NULL,NULL,NULL,NULL,NULL),(7749,'https://bradfordfurniture.co.uk/category/beds/fabric-upholstered-beds/',4241,NULL,'internal',1107,92,NULL,NULL,NULL,NULL,NULL),(7750,'https://bradfordfurniture.co.uk/shop/dina-bed-frame/',4241,2975,'internal',1107,98,NULL,NULL,NULL,NULL,NULL),(7751,'https://bradfordfurniture.co.uk/shop/dina-double-bed-frame/',4241,3774,'internal',1107,590,NULL,NULL,NULL,NULL,NULL),(7752,'https://bradfordfurniture.co.uk/category/beds/beds-frame/',4241,NULL,'internal',1107,87,NULL,NULL,NULL,NULL,NULL),(7753,'https://bradfordfurniture.co.uk/category/sales/',4241,NULL,'internal',1107,27,NULL,NULL,NULL,NULL,NULL),(7754,'https://bradfordfurniture.co.uk/shop/dina-double-bed-frame/',4241,3774,'internal',1107,590,NULL,NULL,NULL,NULL,NULL),(7755,'https://bradfordfurniture.co.uk/shop/divan-bed-base/',4241,1385,'internal',1107,54,NULL,NULL,NULL,NULL,NULL),(7756,'https://bradfordfurniture.co.uk/category/beds/bed-base/',4241,NULL,'internal',1107,72,NULL,NULL,NULL,NULL,NULL),(7757,'https://bradfordfurniture.co.uk/category/beds/beds-frame/',4241,NULL,'internal',1107,87,NULL,NULL,NULL,NULL,NULL),(7758,'https://bradfordfurniture.co.uk/shop/divan-bed-base/',4241,1385,'internal',1107,54,NULL,NULL,NULL,NULL,NULL),(7759,'https://bradfordfurniture.co.uk/shop/end-lift-up-ottoman-storage-bed-frame/',4241,2512,'internal',1107,35,NULL,NULL,NULL,NULL,NULL),(7760,'https://bradfordfurniture.co.uk/category/ottoman-beds/',4241,NULL,'internal',1107,31,NULL,NULL,NULL,NULL,NULL),(7761,'https://bradfordfurniture.co.uk/category/beds/ottoman-beds-beds/',4241,NULL,'internal',1107,68,NULL,NULL,NULL,NULL,NULL),(7762,'https://bradfordfurniture.co.uk/shop/end-lift-up-ottoman-storage-bed-frame/',4241,2512,'internal',1107,35,NULL,NULL,NULL,NULL,NULL),(7763,'https://bradfordfurniture.co.uk/shop/milan-bed-frame/',4241,3110,'internal',1107,96,NULL,NULL,NULL,NULL,NULL),(7764,'https://bradfordfurniture.co.uk/category/beds/fabric-upholstered-beds/',4241,NULL,'internal',1107,92,NULL,NULL,NULL,NULL,NULL),(7765,'https://bradfordfurniture.co.uk/shop/milan-bed-frame/',4241,3110,'internal',1107,96,NULL,NULL,NULL,NULL,NULL),(7770,'https://bradfordfurniture.co.uk/category/beds/fabric-upholstered-beds/',4241,NULL,'internal',1107,92,NULL,NULL,NULL,NULL,NULL),(7772,'https://bradfordfurniture.co.uk/wp-content/uploads/2021/02/bradford-furniture-balmoral-bed-frame-300x300.jpg',4241,3343,'image-in',1107,NULL,360,480,19385,NULL,NULL),(7773,'https://bradfordfurniture.co.uk/wp-content/uploads/2021/02/bradford-furniture-barcelona-bed-frame-300x300.jpg',4241,3230,'image-in',1107,NULL,348,480,26871,NULL,NULL),(7774,'https://bradfordfurniture.co.uk/wp-content/uploads/2021/02/bradford-furniture-barcelona-bed-frame-children-300x300.jpg',4241,3231,'image-in',1107,NULL,325,480,27098,NULL,NULL),(7775,'https://bradfordfurniture.co.uk/wp-content/uploads/2021/02/bradford-furniture-barcelona-metal-bed-frame-300x300.jpg',4241,3305,'image-in',1107,NULL,503,700,43453,NULL,NULL),(7776,'https://bradfordfurniture.co.uk/wp-content/uploads/2021/01/bradford-furniture-comfort-divan-set-300x300.jpg',4241,2360,'image-in',1107,NULL,847,851,32059,NULL,NULL),(7777,'https://bradfordfurniture.co.uk/wp-content/uploads/2021/02/bradford-furniture-deluxe-bed-frame-300x300.jpg',4241,3366,'image-in',1107,NULL,304,480,19808,NULL,NULL),(7778,'https://bradfordfurniture.co.uk/wp-content/uploads/2021/02/bradford-furniture-dina-bed-frame-300x261.jpg',4241,2982,'image-in',1107,NULL,261,375,16371,NULL,NULL),(7779,'https://bradfordfurniture.co.uk/wp-content/uploads/2021/04/bradford-furniture-shop-dina-double-bed-frame-300x300.jpg',4241,3778,'image-in',1107,NULL,425,478,20531,NULL,NULL),(7780,'https://bradfordfurniture.co.uk/wp-content/uploads/2018/04/bradford-furniture-divan-beds-300x300.jpg',4241,2228,'image-in',1107,NULL,453,643,13055,NULL,NULL),(7781,'https://bradfordfurniture.co.uk/wp-content/uploads/2018/04/bradford-furniture-divan-beds-base-300x300.jpeg',4241,2236,'image-in',1107,NULL,530,828,298945,NULL,NULL),(7782,'https://bradfordfurniture.co.uk/wp-content/uploads/2021/01/bradford-end-lift-up-ottoman-storage-bed-frame-300x300.jpg',4241,2519,'image-in',1107,NULL,1087,1244,57036,NULL,NULL),(7783,'https://bradfordfurniture.co.uk/wp-content/uploads/2021/01/bradford-furniture-end-lift-up-ottoman-storage-bed-frame-1-300x300.jpg',4241,2520,'image-in',1107,NULL,1595,1507,86470,NULL,NULL),(7784,'https://bradfordfurniture.co.uk/wp-content/uploads/2021/02/bradford-furniture-milan-bed-frame-300x300.jpg',4241,3116,'image-in',1107,NULL,392,540,32635,NULL,NULL),(7787,'https://www.bcweeklycarpets.co.uk/',4241,NULL,'external',1107,NULL,NULL,NULL,NULL,NULL,NULL),(7789,'https://bradfordfurniture.co.uk/shop/monaco-waxed-pine-bed-frame/',4241,3289,'internal',1107,15,NULL,NULL,NULL,NULL,NULL),(7790,'https://bradfordfurniture.co.uk/category/beds/wooden-beds/',4241,NULL,'internal',1107,61,NULL,NULL,NULL,NULL,NULL),(7791,'https://bradfordfurniture.co.uk/shop/monaco-waxed-pine-bed-frame/',4241,3289,'internal',1107,15,NULL,NULL,NULL,NULL,NULL),(7792,'https://bradfordfurniture.co.uk/shop/nilam-bed-frame/',4241,2318,'internal',1107,97,NULL,NULL,NULL,NULL,NULL),(7793,'https://bradfordfurniture.co.uk/shop/nilam-bed-frame/',4241,2318,'internal',1107,97,NULL,NULL,NULL,NULL,NULL),(7794,'https://bradfordfurniture.co.uk/wp-content/uploads/2021/02/bradford-furniture-monaco-waxed-pine-bed-frame-300x300.jpg',4241,3299,'image-in',1107,NULL,872,1601,94075,NULL,NULL),(7795,'https://bradfordfurniture.co.uk/wp-content/uploads/2021/01/bradford-furniture-nilam-bed-frame-300x300.jpg',4241,2325,'image-in',1107,NULL,1230,1668,93256,NULL,NULL),(7796,'https://bradfordfurniture.co.uk/',2265,NULL,'internal',19,3,NULL,NULL,NULL,NULL,NULL),(7797,'https://www.bcweeklycarpets.co.uk/',2265,NULL,'external',19,NULL,NULL,NULL,NULL,NULL,NULL),(7798,'https://www.bcweeklycarpets.co.uk/',3431,NULL,'external',58,NULL,NULL,NULL,NULL,NULL,NULL),(7800,'https://www.bcweeklycarpets.co.uk/',2962,NULL,'external',53,NULL,NULL,NULL,NULL,NULL,NULL),(7801,'https://bradfordfurniture.co.uk/shop/ottoman-bed-base/',2962,2280,'internal',53,40,NULL,NULL,NULL,NULL,NULL),(7802,'https://www.bcweeklycarpets.co.uk/',2280,NULL,'external',40,NULL,NULL,NULL,NULL,NULL,NULL),(7803,'https://bradfordfurniture.co.uk/shop/the-ottoman-storage-bed-frame/',2280,2962,'internal',40,53,NULL,NULL,NULL,NULL,NULL),(7804,'https://www.bcweeklycarpets.co.uk/',2512,NULL,'external',35,NULL,NULL,NULL,NULL,NULL,NULL),(7805,'https://bradfordfurniture.co.uk/shop/ottoman-bed-base/',2512,2280,'internal',35,40,NULL,NULL,NULL,NULL,NULL),(7806,'https://bradfordfurniture.co.uk/',4256,NULL,'internal',1127,3,NULL,NULL,NULL,NULL,NULL),(7807,'https://www.bcweeklycarpets.co.uk/',4256,NULL,'external',1127,NULL,NULL,NULL,NULL,NULL,NULL),(7808,'https://bradfordfurniture.co.uk/',4258,NULL,'internal',1130,3,NULL,NULL,NULL,NULL,NULL),(7809,'https://www.bcweeklycarpets.co.uk/',4258,NULL,'external',1130,NULL,NULL,NULL,NULL,NULL,NULL),(7810,'https://www.bcweeklycarpets.co.uk/',3416,NULL,'external',49,NULL,NULL,NULL,NULL,NULL,NULL),(7811,'https://bradfordfurniture.co.uk/shop/rhombus-sofa/',3416,3378,'internal',49,20,NULL,NULL,NULL,NULL,NULL),(7812,'https://www.bcweeklycarpets.co.uk/',3406,NULL,'external',63,NULL,NULL,NULL,NULL,NULL,NULL),(7813,'https://bradfordfurniture.co.uk/shop/owen-corner-sofa/',3406,3416,'internal',63,49,NULL,NULL,NULL,NULL,NULL),(7814,'https://www.bcweeklycarpets.co.uk/',3378,NULL,'external',20,NULL,NULL,NULL,NULL,NULL,NULL),(7815,'https://bradfordfurniture.co.uk/shop/owen-corner-sofa/',3378,3416,'internal',20,49,NULL,NULL,NULL,NULL,NULL),(7816,'https://www.bcweeklycarpets.co.uk/',3394,NULL,'external',29,NULL,NULL,NULL,NULL,NULL,NULL),(7817,'https://bradfordfurniture.co.uk/shop/rhombus-sofa/',3394,3378,'internal',29,20,NULL,NULL,NULL,NULL,NULL),(7818,'https://www.bcweeklycarpets.co.uk/',3411,NULL,'external',5,NULL,NULL,NULL,NULL,NULL,NULL),(7819,'https://bradfordfurniture.co.uk/shop/walter-corner-sofa/',3411,3394,'internal',5,29,NULL,NULL,NULL,NULL,NULL),(7820,'https://www.bcweeklycarpets.co.uk/',3426,NULL,'external',13,NULL,NULL,NULL,NULL,NULL,NULL),(7821,'https://bradfordfurniture.co.uk/shop/wensley-corner-sofa/',3426,3411,'internal',13,5,NULL,NULL,NULL,NULL,NULL),(7822,'https://www.bcweeklycarpets.co.uk/',3383,NULL,'external',8,NULL,NULL,NULL,NULL,NULL,NULL),(7823,'https://bradfordfurniture.co.uk/shop/grayson-corner-sofa/',3383,3426,'internal',8,13,NULL,NULL,NULL,NULL,NULL),(7824,'https://www.bcweeklycarpets.co.uk/',3367,NULL,'external',17,NULL,NULL,NULL,NULL,NULL,NULL),(7825,'https://bradfordfurniture.co.uk/shop/maya-corner-sofa/',3367,3383,'internal',17,8,NULL,NULL,NULL,NULL,NULL),(7826,'https://www.bcweeklycarpets.co.uk/',3399,NULL,'external',21,NULL,NULL,NULL,NULL,NULL,NULL),(7827,'https://bradfordfurniture.co.uk/shop/monty-corner-sofa/',3399,3367,'internal',21,17,NULL,NULL,NULL,NULL,NULL),(7828,'https://bradfordfurniture.co.uk/shop/aurora-corner-sofa/',3431,3399,'internal',58,21,NULL,NULL,NULL,NULL,NULL),(7829,'https://www.bcweeklycarpets.co.uk/',3421,NULL,'external',77,NULL,NULL,NULL,NULL,NULL,NULL),(7830,'https://bradfordfurniture.co.uk/shop/chime-corner-sofa/',3421,3431,'internal',77,58,NULL,NULL,NULL,NULL,NULL),(7831,'https://www.bcweeklycarpets.co.uk/',3389,NULL,'external',56,NULL,NULL,NULL,NULL,NULL,NULL),(7832,'https://bradfordfurniture.co.uk/shop/everton-corner-sofa/',3389,3421,'internal',56,77,NULL,NULL,NULL,NULL,NULL),(7833,'https://bradfordfurniture.co.uk/',4280,NULL,'internal',1193,3,NULL,NULL,NULL,NULL,NULL),(7834,'https://www.bcweeklycarpets.co.uk/',4280,NULL,'external',1193,NULL,NULL,NULL,NULL,NULL,NULL),(7835,'https://bradfordfurniture.co.uk/',4284,NULL,'internal',1196,3,NULL,NULL,NULL,NULL,NULL),(7836,'https://www.bcweeklycarpets.co.uk/',4284,NULL,'external',1196,NULL,NULL,NULL,NULL,NULL,NULL),(7837,'https://bradfordfurniture.co.uk/',4287,NULL,'internal',1198,3,NULL,NULL,NULL,NULL,NULL),(7838,'https://www.bcweeklycarpets.co.uk/',4287,NULL,'external',1198,NULL,NULL,NULL,NULL,NULL,NULL),(7839,'https://bradfordfurniture.co.uk/',4290,NULL,'internal',1200,3,NULL,NULL,NULL,NULL,NULL),(7840,'https://www.bcweeklycarpets.co.uk/',4290,NULL,'external',1200,NULL,NULL,NULL,NULL,NULL,NULL),(7841,'https://bradfordfurniture.co.uk/',4293,NULL,'internal',1203,3,NULL,NULL,NULL,NULL,NULL),(7842,'https://www.bcweeklycarpets.co.uk/',4293,NULL,'external',1203,NULL,NULL,NULL,NULL,NULL,NULL),(7843,'https://bradfordfurniture.co.uk/',4296,NULL,'internal',1206,3,NULL,NULL,NULL,NULL,NULL),(7844,'https://www.bcweeklycarpets.co.uk/',4296,NULL,'external',1206,NULL,NULL,NULL,NULL,NULL,NULL),(7845,'https://www.bcweeklycarpets.co.uk/',4301,NULL,'external',1211,NULL,NULL,NULL,NULL,NULL,NULL),(7846,'https://bradfordfurniture.co.uk/shop/aurora-corner-sofa/',4301,3399,'internal',1211,21,NULL,NULL,NULL,NULL,NULL),(7847,'https://www.bcweeklycarpets.co.uk/',4308,NULL,'external',1219,NULL,NULL,NULL,NULL,NULL,NULL),(7848,'https://bradfordfurniture.co.uk/shop/aurora-corner-sofa/',4308,3399,'internal',1219,21,NULL,NULL,NULL,NULL,NULL),(7849,'https://bradfordfurniture.co.uk/',4316,NULL,'internal',1227,3,NULL,NULL,NULL,NULL,NULL),(7850,'https://www.bcweeklycarpets.co.uk/',4316,NULL,'external',1227,NULL,NULL,NULL,NULL,NULL,NULL),(7853,'https://bradfordfurniture.co.uk/',4320,NULL,'internal',1232,3,NULL,NULL,NULL,NULL,NULL),(7854,'https://www.bcweeklycarpets.co.uk/',4320,NULL,'external',1232,NULL,NULL,NULL,NULL,NULL,NULL),(7855,'https://bradfordfurniture.co.uk/',4323,NULL,'internal',1235,3,NULL,NULL,NULL,NULL,NULL),(7856,'https://www.bcweeklycarpets.co.uk/',4323,NULL,'external',1235,NULL,NULL,NULL,NULL,NULL,NULL),(7857,'https://www.bcweeklycarpets.co.uk/',4328,NULL,'external',1239,NULL,NULL,NULL,NULL,NULL,NULL),(7858,'https://bradfordfurniture.co.uk/shop/aurora-corner-sofa/',4328,3399,'internal',1239,21,NULL,NULL,NULL,NULL,NULL),(7859,'https://www.bcweeklycarpets.co.uk/',4334,NULL,'external',1246,NULL,NULL,NULL,NULL,NULL,NULL),(7860,'https://bradfordfurniture.co.uk/shop/aurora-corner-sofa/',4334,3399,'internal',1246,21,NULL,NULL,NULL,NULL,NULL),(7861,'https://www.bcweeklycarpets.co.uk/',4337,NULL,'external',1248,NULL,NULL,NULL,NULL,NULL,NULL),(7862,'https://bradfordfurniture.co.uk/shop/aurora-corner-sofa/',4337,3399,'internal',1248,21,NULL,NULL,NULL,NULL,NULL),(7863,'https://bradfordfurniture.co.uk/',2342,NULL,'internal',103,3,NULL,NULL,NULL,NULL,NULL),(7864,'https://bradfordfurniture.co.uk/',2342,NULL,'internal',103,3,NULL,NULL,NULL,NULL,NULL),(7865,'https://www.bcweeklycarpets.co.uk/',2342,NULL,'external',103,NULL,NULL,NULL,NULL,NULL,NULL),(7866,'https://bradfordfurniture.co.uk/',4344,NULL,'internal',1259,3,NULL,NULL,NULL,NULL,NULL),(7867,'https://www.bcweeklycarpets.co.uk/',4344,NULL,'external',1259,NULL,NULL,NULL,NULL,NULL,NULL),(7869,'https://bradfordfurniture.co.uk',3951,143,'internal',787,2,NULL,NULL,NULL,NULL,NULL),(7870,'https://bradfordfurniture.co.uk',3563,143,'internal',380,2,NULL,NULL,NULL,NULL,NULL),(7871,'https://bradfordfurniture.co.uk',3936,143,'internal',771,2,NULL,NULL,NULL,NULL,NULL),(7873,'https://bradfordfurniture.co.uk',3910,143,'internal',740,2,NULL,NULL,NULL,NULL,NULL),(7874,'https://bradfordfurniture.co.uk',3898,143,'internal',724,2,NULL,NULL,NULL,NULL,NULL),(7875,'https://bradfordfurniture.co.uk',3882,143,'internal',707,2,NULL,NULL,NULL,NULL,NULL),(7876,'https://bradfordfurniture.co.uk',3869,143,'internal',694,2,NULL,NULL,NULL,NULL,NULL),(7877,'https://bradfordfurniture.co.uk',3861,143,'internal',685,2,NULL,NULL,NULL,NULL,NULL),(7878,'https://bradfordfurniture.co.uk',3850,143,'internal',674,2,NULL,NULL,NULL,NULL,NULL),(7879,'https://bradfordfurniture.co.uk',3839,143,'internal',662,2,NULL,NULL,NULL,NULL,NULL),(7880,'https://bradfordfurniture.co.uk',3830,143,'internal',652,2,NULL,NULL,NULL,NULL,NULL),(7881,'https://bradfordfurniture.co.uk',3817,143,'internal',639,2,NULL,NULL,NULL,NULL,NULL),(7882,'https://bradfordfurniture.co.uk',3802,143,'internal',624,2,NULL,NULL,NULL,NULL,NULL),(7883,'https://bradfordfurniture.co.uk',3793,143,'internal',615,2,NULL,NULL,NULL,NULL,NULL),(7884,'https://bradfordfurniture.co.uk',3782,143,'internal',602,2,NULL,NULL,NULL,NULL,NULL),(7885,'https://bradfordfurniture.co.uk',3310,143,'internal',47,2,NULL,NULL,NULL,NULL,NULL),(7886,'https://bcweeklycarpets.co.uk/',3310,NULL,'external',47,NULL,NULL,NULL,NULL,NULL,NULL),(7887,'https://bradfordfurniture.co.uk/shop/specialist-orthopaedic-mattresses/',143,4344,'internal',2,1259,NULL,NULL,NULL,NULL,NULL),(7888,'https://bradfordfurniture.co.uk/category/mattresses/orthopaedic/',143,NULL,'internal',2,64,NULL,NULL,NULL,NULL,NULL),(7889,'https://bradfordfurniture.co.uk/shop/specialist-orthopaedic-mattresses/',143,4344,'internal',2,1259,NULL,NULL,NULL,NULL,NULL),(7890,'https://bradfordfurniture.co.uk/shop/monty-corner-sofa/',143,3367,'internal',2,17,NULL,NULL,NULL,NULL,NULL),(7891,'https://bradfordfurniture.co.uk/shop/monty-corner-sofa/',143,3367,'internal',2,17,NULL,NULL,NULL,NULL,NULL),(7894,'https://bradfordfurniture.co.uk/shop/specialist-orthopaedic-mattresses/',143,4344,'internal',2,1259,NULL,NULL,NULL,NULL,NULL),(7895,'https://bradfordfurniture.co.uk/category/mattresses/orthopaedic/',143,NULL,'internal',2,64,NULL,NULL,NULL,NULL,NULL),(7896,'https://bradfordfurniture.co.uk/shop/specialist-orthopaedic-mattresses/',143,4344,'internal',2,1259,NULL,NULL,NULL,NULL,NULL),(7897,'https://bradfordfurniture.co.uk/shop/italian-leather-sofa/',143,4337,'internal',2,1248,NULL,NULL,NULL,NULL,NULL),(7898,'https://bradfordfurniture.co.uk/category/sofas/real-leather-sofas/',143,NULL,'internal',2,24,NULL,NULL,NULL,NULL,NULL),(7899,'https://bradfordfurniture.co.uk/shop/italian-leather-sofa/',143,4337,'internal',2,1248,NULL,NULL,NULL,NULL,NULL),(7900,'https://bradfordfurniture.co.uk/shop/invictus-brown-leather-corner-sofa/',143,4334,'internal',2,1246,NULL,NULL,NULL,NULL,NULL),(7901,'https://bradfordfurniture.co.uk/category/sofas/real-leather-sofas/',143,NULL,'internal',2,24,NULL,NULL,NULL,NULL,NULL),(7902,'https://bradfordfurniture.co.uk/shop/invictus-brown-leather-corner-sofa/',143,4334,'internal',2,1246,NULL,NULL,NULL,NULL,NULL),(7903,'https://bradfordfurniture.co.uk/shop/miro-corner-leather-sofa/',143,4328,'internal',2,1239,NULL,NULL,NULL,NULL,NULL),(7904,'https://bradfordfurniture.co.uk/category/sofas/real-leather-sofas/',143,NULL,'internal',2,24,NULL,NULL,NULL,NULL,NULL),(7905,'https://bradfordfurniture.co.uk/shop/miro-corner-leather-sofa/',143,4328,'internal',2,1239,NULL,NULL,NULL,NULL,NULL),(7906,'https://bradfordfurniture.co.uk/shop/zenith-pakistani-bed-settee/',143,4323,'internal',2,1235,NULL,NULL,NULL,NULL,NULL),(7907,'https://bradfordfurniture.co.uk/category/bedsettee/pakistani-bed-settees/',143,NULL,'internal',2,34,NULL,NULL,NULL,NULL,NULL),(7908,'https://bradfordfurniture.co.uk/shop/zenith-pakistani-bed-settee/',143,4323,'internal',2,1235,NULL,NULL,NULL,NULL,NULL),(7909,'https://bradfordfurniture.co.uk/shop/sara-pakistani-bed-settee/',143,4320,'internal',2,1232,NULL,NULL,NULL,NULL,NULL),(7910,'https://bradfordfurniture.co.uk/category/bedsettee/pakistani-bed-settees/',143,NULL,'internal',2,34,NULL,NULL,NULL,NULL,NULL),(7911,'https://bradfordfurniture.co.uk/shop/sara-pakistani-bed-settee/',143,4320,'internal',2,1232,NULL,NULL,NULL,NULL,NULL),(7912,'https://bradfordfurniture.co.uk/category/beds/bed-base/',143,NULL,'internal',2,72,NULL,NULL,NULL,NULL,NULL),(7914,'https://bradfordfurniture.co.uk/shop/specialist-orthopaedic-mattresses/',143,4344,'internal',2,1259,NULL,NULL,NULL,NULL,NULL),(7915,'https://bradfordfurniture.co.uk/shop/specialist-orthopaedic-mattresses/',143,4344,'internal',2,1259,NULL,NULL,NULL,NULL,NULL),(7916,'https://bradfordfurniture.co.uk/shop/monty-corner-sofa/',143,3367,'internal',2,17,NULL,NULL,NULL,NULL,NULL),(7917,'https://bradfordfurniture.co.uk/shop/monty-corner-sofa/',143,3367,'internal',2,17,NULL,NULL,NULL,NULL,NULL),(7918,'https://bradfordfurniture.co.uk/shop/classic-deep-pakistani-bed-settee/',143,4290,'internal',2,1200,NULL,NULL,NULL,NULL,NULL),(7919,'https://bradfordfurniture.co.uk/shop/classic-deep-pakistani-bed-settee/',143,4290,'internal',2,1200,NULL,NULL,NULL,NULL,NULL),(7920,'https://bradfordfurniture.co.uk/shop/end-lift-up-ottoman-storage-bed-frame/',143,2512,'internal',2,35,NULL,NULL,NULL,NULL,NULL),(7921,'https://bradfordfurniture.co.uk/shop/end-lift-up-ottoman-storage-bed-frame/',143,2512,'internal',2,35,NULL,NULL,NULL,NULL,NULL),(7922,'https://bradfordfurniture.co.uk/shop/specialist-orthopaedic-mattresses/',143,4344,'internal',2,1259,NULL,NULL,NULL,NULL,NULL),(7923,'https://bradfordfurniture.co.uk/shop/specialist-orthopaedic-mattresses/',143,4344,'internal',2,1259,NULL,NULL,NULL,NULL,NULL),(7924,'https://bradfordfurniture.co.uk/shop/italian-leather-sofa/',143,4337,'internal',2,1248,NULL,NULL,NULL,NULL,NULL),(7925,'https://bradfordfurniture.co.uk/shop/italian-leather-sofa/',143,4337,'internal',2,1248,NULL,NULL,NULL,NULL,NULL),(7926,'https://bradfordfurniture.co.uk/shop/invictus-brown-leather-corner-sofa/',143,4334,'internal',2,1246,NULL,NULL,NULL,NULL,NULL),(7927,'https://bradfordfurniture.co.uk/shop/invictus-brown-leather-corner-sofa/',143,4334,'internal',2,1246,NULL,NULL,NULL,NULL,NULL),(7928,'https://bradfordfurniture.co.uk/shop/paris-bed-frame/',143,3215,'internal',2,95,NULL,NULL,NULL,NULL,NULL),(7929,'https://bradfordfurniture.co.uk/shop/paris-bed-frame/',143,3215,'internal',2,95,NULL,NULL,NULL,NULL,NULL),(7932,'https://bradfordfurniture.co.uk/wp-content/uploads/2022/04/specialist-orthopaedic-mattresses-bradford-300x300.jpg',143,4350,'image-in',2,NULL,746,580,125041,NULL,NULL),(7933,'https://bradfordfurniture.co.uk/wp-content/uploads/2022/04/specialist-orthopaedic-mattresses-300x300.jpg',143,4351,'image-in',2,NULL,1031,580,167508,NULL,NULL),(7934,'https://bradfordfurniture.co.uk/wp-content/uploads/2022/04/specialist-orthopaedic-mattresses-bradford-300x300.jpg',143,4350,'image-in',2,NULL,746,580,125041,NULL,NULL),(7935,'https://bradfordfurniture.co.uk/wp-content/uploads/2022/04/specialist-orthopaedic-mattresses-300x300.jpg',143,4351,'image-in',2,NULL,1031,580,167508,NULL,NULL),(7936,'https://bradfordfurniture.co.uk/wp-content/uploads/2022/04/Italian-Leather-Sofa-bradford-3-seater-300x276.jpg',143,4342,'image-in',2,NULL,276,580,46381,NULL,NULL),(7937,'https://bradfordfurniture.co.uk/wp-content/uploads/2022/04/Italian-Leather-Sofa-bradford-2-seater-300x300.jpg',143,4341,'image-in',2,NULL,325,580,49375,NULL,NULL),(7938,'https://bradfordfurniture.co.uk/wp-content/uploads/2022/04/Invictus-Brown-Leather-Corner-Sofa-300x300.jpg',143,4335,'image-in',2,NULL,353,780,61421,NULL,NULL),(7939,'https://bradfordfurniture.co.uk/wp-content/uploads/2022/04/miro-corner-leather-sofa-300x300.jpg',143,4332,'image-in',2,NULL,362,800,113235,NULL,NULL),(7940,'https://bradfordfurniture.co.uk/wp-content/uploads/2022/04/zenith-pakistani-bed-settee-web-300x230.jpg',143,4324,'image-in',2,NULL,230,504,37146,NULL,NULL),(7941,'https://bradfordfurniture.co.uk/wp-content/uploads/2022/04/sara-pakistani-bed-settee-web-300x258.jpg',143,4321,'image-in',2,NULL,258,490,33049,NULL,NULL),(7942,'https://bradfordfurniture.co.uk/wp-content/uploads/2021/02/bradford-furniture-bed-base-grey-headboard-300x300.jpg',143,3278,'image-in',2,NULL,600,600,94731,NULL,NULL),(7944,'https://bradfordfurniture.co.uk/wp-content/uploads/2022/04/specialist-orthopaedic-mattresses-bradford-85x85.jpg',143,4350,'image-in',2,NULL,746,580,125041,NULL,NULL),(7945,'https://bradfordfurniture.co.uk/wp-content/uploads/2022/04/specialist-orthopaedic-mattresses-85x85.jpg',143,4351,'image-in',2,NULL,1031,580,167508,NULL,NULL),(7946,'https://bradfordfurniture.co.uk/wp-content/uploads/2022/04/classic-deep-site-85x85.jpg',143,4291,'image-in',2,NULL,332,680,57838,NULL,NULL),(7949,'https://bradfordfurniture.co.uk/wp-content/uploads/2022/04/specialist-orthopaedic-mattresses-bradford-85x85.jpg',143,4350,'image-in',2,NULL,746,580,125041,NULL,NULL),(7950,'https://bradfordfurniture.co.uk/wp-content/uploads/2022/04/specialist-orthopaedic-mattresses-85x85.jpg',143,4351,'image-in',2,NULL,1031,580,167508,NULL,NULL),(7951,'https://bradfordfurniture.co.uk/wp-content/uploads/2022/04/Italian-Leather-Sofa-bradford-3-seater-85x85.jpg',143,4342,'image-in',2,NULL,276,580,46381,NULL,NULL),(7952,'https://bradfordfurniture.co.uk/wp-content/uploads/2022/04/Italian-Leather-Sofa-bradford-2-seater-85x85.jpg',143,4341,'image-in',2,NULL,325,580,49375,NULL,NULL),(7953,'https://bradfordfurniture.co.uk/wp-content/uploads/2022/04/Invictus-Brown-Leather-Corner-Sofa-85x85.jpg',143,4335,'image-in',2,NULL,353,780,61421,NULL,NULL),(7957,'https://www.bcweeklycarpets.co.uk/',3265,NULL,'external',51,NULL,NULL,NULL,NULL,NULL,NULL),(7958,'https://bradfordfurniture.co.uk/shop/dina-double-bed-frame/',3265,3774,'internal',51,590,NULL,NULL,NULL,NULL,NULL),(7959,'https://www.bcweeklycarpets.co.uk/',3256,NULL,'external',41,NULL,NULL,NULL,NULL,NULL,NULL),(7960,'https://bradfordfurniture.co.uk/shop/rome-bed-frame/',3256,3265,'internal',41,51,NULL,NULL,NULL,NULL,NULL),(7961,'https://www.bcweeklycarpets.co.uk/',3246,NULL,'external',36,NULL,NULL,NULL,NULL,NULL,NULL),(7962,'https://bradfordfurniture.co.uk/shop/tuscany-diamond-bed-frame/',3246,3256,'internal',36,41,NULL,NULL,NULL,NULL,NULL),(7963,'https://www.bcweeklycarpets.co.uk/',3238,NULL,'external',50,NULL,NULL,NULL,NULL,NULL,NULL),(7964,'https://bradfordfurniture.co.uk/shop/sleigh-bed-frame/',3238,3246,'internal',50,36,NULL,NULL,NULL,NULL,NULL),(7965,'https://www.bcweeklycarpets.co.uk/',3223,NULL,'external',94,NULL,NULL,NULL,NULL,NULL,NULL),(7966,'https://bradfordfurniture.co.uk/shop/sleigh-bed-frame/',3223,3246,'internal',94,36,NULL,NULL,NULL,NULL,NULL),(7967,'https://www.bcweeklycarpets.co.uk/',3215,NULL,'external',95,NULL,NULL,NULL,NULL,NULL,NULL),(7968,'https://bradfordfurniture.co.uk/shop/barcelona-bed-frame/',3215,3223,'internal',95,94,NULL,NULL,NULL,NULL,NULL),(7969,'https://bradfordfurniture.co.uk/shop/divan-bed-base/',143,1385,'internal',2,54,NULL,NULL,NULL,NULL,NULL),(7970,'https://bradfordfurniture.co.uk/author/bffadmin/',143,NULL,'internal',2,NULL,NULL,NULL,NULL,NULL,NULL),(7971,'https://bradfordfurniture.co.uk/author/bffadmin/',143,NULL,'internal',2,NULL,NULL,NULL,NULL,NULL,NULL),(7972,'https://bradfordfurniture.co.uk/author/bffadmin/',143,NULL,'internal',2,NULL,NULL,NULL,NULL,NULL,NULL),(7973,'https://bradfordfurniture.co.uk/author/bffadmin/',143,NULL,'internal',2,NULL,NULL,NULL,NULL,NULL,NULL),(7974,'https://bradfordfurniture.co.uk/wp-content/uploads/2021/01/bradford-furniture-big-sale-shop-340x90.png',143,2335,'image-in',2,NULL,120,340,450,NULL,NULL),(7976,'https://bradfordfurniture.co.uk/author/bffadmin/',73,NULL,'internal',11,NULL,NULL,NULL,NULL,NULL,NULL),(7977,'https://bradfordfurniture.co.uk/author/bffadmin/',73,NULL,'internal',11,NULL,NULL,NULL,NULL,NULL,NULL),(7978,'https://bradfordfurniture.co.uk/author/bffadmin/',73,NULL,'internal',11,NULL,NULL,NULL,NULL,NULL,NULL),(7979,'https://bradfordfurniture.co.uk/author/bffadmin/',73,NULL,'internal',11,NULL,NULL,NULL,NULL,NULL,NULL),(7980,'https://bradfordfurniture.co.uk/author/bffadmin/',73,NULL,'internal',11,NULL,NULL,NULL,NULL,NULL,NULL),(7981,'https://bradfordfurniture.co.uk/bradford-beds/',203,4241,'internal',84,1107,NULL,NULL,NULL,NULL,NULL),(7982,'https://bradfordfurniture.co.uk/refund_returns/',203,4210,'internal',84,1073,NULL,NULL,NULL,NULL,NULL),(7983,'https://bradfordfurniture.co.uk/terms-conditions/',203,3545,'internal',84,368,NULL,NULL,NULL,NULL,NULL),(7984,'https://www.bcweeklycarpets.co.uk/',3110,NULL,'external',96,NULL,NULL,NULL,NULL,NULL,NULL),(7985,'https://bradfordfurniture.co.uk/shop/barcelona-bed-frame/',3110,3223,'internal',96,94,NULL,NULL,NULL,NULL,NULL),(7986,'https://www.bcweeklycarpets.co.uk/',2983,NULL,'external',66,NULL,NULL,NULL,NULL,NULL,NULL),(7987,'https://bradfordfurniture.co.uk/shop/paris-bed-frame/',2983,3215,'internal',66,95,NULL,NULL,NULL,NULL,NULL),(7988,'https://www.bcweeklycarpets.co.uk/',2975,NULL,'external',98,NULL,NULL,NULL,NULL,NULL,NULL),(7989,'https://bradfordfurniture.co.uk/shop/paris-bed-frame/',2975,3215,'internal',98,95,NULL,NULL,NULL,NULL,NULL),(7990,'https://bradfordfurniture.co.uk/shop/the-ottoman-storage-bed-frame/',143,2962,'internal',2,53,NULL,NULL,NULL,NULL,NULL),(7991,'https://bradfordfurniture.co.uk/category/ottoman-beds/',143,NULL,'internal',2,31,NULL,NULL,NULL,NULL,NULL),(7992,'https://bradfordfurniture.co.uk/category/beds/ottoman-beds-beds/',143,NULL,'internal',2,68,NULL,NULL,NULL,NULL,NULL),(7993,'https://bradfordfurniture.co.uk/shop/the-ottoman-storage-bed-frame/',143,2962,'internal',2,53,NULL,NULL,NULL,NULL,NULL),(7994,'https://bradfordfurniture.co.uk/category/ottoman-beds/',143,NULL,'internal',2,31,NULL,NULL,NULL,NULL,NULL),(7995,'https://bradfordfurniture.co.uk/category/beds/ottoman-beds-beds/',143,NULL,'internal',2,68,NULL,NULL,NULL,NULL,NULL),(7996,'https://bradfordfurniture.co.uk/wp-content/uploads/2021/02/bradford-furniture-paris-bed-frame-300x300.jpg',143,3222,'image-in',2,NULL,346,480,27373,NULL,NULL),(7997,'https://bradfordfurniture.co.uk/wp-content/uploads/2021/01/bradford-furniture-the-ottoman-storage-bed-frame-300x300.jpg',143,2969,'image-in',2,NULL,1124,1614,84557,NULL,NULL),(7998,'https://bradfordfurniture.co.uk/wp-content/uploads/2021/01/bradford-furniture-end-lift-up-ottoman-storage-bed-frame-1-300x300.jpg',143,2520,'image-in',2,NULL,1595,1507,86470,NULL,NULL),(7999,'https://bradfordfurniture.co.uk/wp-content/uploads/2021/01/bradford-furniture-end-lift-up-ottoman-storage-bed-frame-2-300x300.jpg',143,2521,'image-in',2,NULL,848,1250,78938,NULL,NULL),(8000,'https://bradfordfurniture.co.uk/wp-content/uploads/2018/04/bradford-furniture-divan-beds-base-300x300.jpeg',143,2236,'image-in',2,NULL,530,828,298945,NULL,NULL),(8003,'https://bradfordfurniture.co.uk/category/carpets/',143,NULL,'internal',2,14,NULL,NULL,NULL,NULL,NULL),(8004,'https://bradfordfurniture.co.uk/select-the-perfect-carpet/#respond',143,3491,'internal',2,48,NULL,NULL,NULL,NULL,NULL),(8005,'https://bradfordfurniture.co.uk/shop/cavendish-wilton-carpet/',143,3839,'internal',2,662,NULL,NULL,NULL,NULL,NULL),(8006,'https://bradfordfurniture.co.uk/shop/cavendish-wilton-carpet/',143,3839,'internal',2,662,NULL,NULL,NULL,NULL,NULL),(8007,'https://bradfordfurniture.co.uk/shop/barcelona-bed-frame/',143,3223,'internal',2,94,NULL,NULL,NULL,NULL,NULL),(8008,'https://bradfordfurniture.co.uk/shop/barcelona-bed-frame/',143,3223,'internal',2,94,NULL,NULL,NULL,NULL,NULL),(8009,'https://bradfordfurniture.co.uk/shop/chelsea-wiltax-carpet/',143,3850,'internal',2,674,NULL,NULL,NULL,NULL,NULL),(8010,'https://bradfordfurniture.co.uk/shop/chelsea-wiltax-carpet/',143,3850,'internal',2,674,NULL,NULL,NULL,NULL,NULL),(8011,'https://bradfordfurniture.co.uk/shop/safari-bed-settee/',143,4258,'internal',2,1130,NULL,NULL,NULL,NULL,NULL),(8012,'https://bradfordfurniture.co.uk/shop/safari-bed-settee/',143,4258,'internal',2,1130,NULL,NULL,NULL,NULL,NULL),(8013,'https://bradfordfurniture.co.uk/wp-content/uploads/2021/01/bradford-furniture-carpets-300x300.jpg',143,2219,'image-in',2,NULL,400,400,12247,NULL,NULL),(8014,'https://bradfordfurniture.co.uk/wp-content/uploads/2021/02/bradford-furniture-rome-bed-frame-85x85.jpg',143,3272,'image-in',2,NULL,350,480,22142,NULL,NULL),(8015,'https://bradfordfurniture.co.uk/wp-content/uploads/2021/04/bradford-carpet-cavendish-wilton-85x85.jpg',143,3840,'image-in',2,NULL,300,300,82120,NULL,NULL),(8016,'https://bradfordfurniture.co.uk/wp-content/uploads/2021/04/bradford-carpet-cavendish-wilton-carpet-85x85.jpg',143,3841,'image-in',2,NULL,300,300,79368,NULL,NULL),(8017,'https://bradfordfurniture.co.uk/wp-content/uploads/2021/02/bradford-furniture-barcelona-bed-frame-85x85.jpg',143,3230,'image-in',2,NULL,348,480,26871,NULL,NULL),(8018,'https://bradfordfurniture.co.uk/wp-content/uploads/2021/02/bradford-furniture-barcelona-bed-frame-children-85x85.jpg',143,3231,'image-in',2,NULL,325,480,27098,NULL,NULL),(8019,'https://bradfordfurniture.co.uk/wp-content/uploads/2021/04/bradford-carpet-cheap-chelsea-wiltax-85x85.jpg',143,3852,'image-in',2,NULL,300,300,84436,NULL,NULL),(8020,'https://bradfordfurniture.co.uk/wp-content/uploads/2021/04/bradford-carpets-shop-chelsea-wiltax-85x85.jpg',143,3859,'image-in',2,NULL,300,300,78861,NULL,NULL),(8021,'https://bradfordfurniture.co.uk/wp-content/uploads/2022/03/turkish-safari-bed-settee-bradford-85x85.jpg',143,4261,'image-in',2,NULL,542,1024,62400,NULL,NULL),(8022,'https://bradfordfurniture.co.uk/wp-content/uploads/2022/03/safari-bed-settee-bradford-new-85x85.jpg',143,4260,'image-in',2,NULL,488,650,87371,NULL,NULL);
/*!50112 PREPARE s FROM @disable_bulk_load */;
/*!50112 EXECUTE s */;
/*!50112 DEALLOCATE PREPARE s */;


